CRAN Package Check Results for Package bootLR

Last updated on 2024-04-18 17:51:17 CEST.

Flavor Version Tinstall Tcheck Ttotal Status Flags
r-devel-linux-x86_64-debian-clang 1.0.2 2.49 82.98 85.47 NOTE
r-devel-linux-x86_64-debian-gcc 1.0.2 1.98 57.89 59.87 NOTE
r-devel-linux-x86_64-fedora-clang 1.0.2 100.63 NOTE
r-devel-linux-x86_64-fedora-gcc 1.0.2 98.09 NOTE
r-prerel-macos-arm64 1.0.2 33.00 NOTE
r-prerel-windows-x86_64 1.0.2 3.00 84.00 87.00 NOTE
r-patched-linux-x86_64 1.0.2 1.69 79.98 81.67 NOTE
r-release-linux-x86_64 1.0.2 2.58 78.00 80.58 NOTE
r-release-macos-arm64 1.0.2 45.00 NOTE
r-release-macos-x86_64 1.0.2 105.00 NOTE
r-release-windows-x86_64 1.0.2 3.00 95.00 98.00 NOTE
r-oldrel-macos-arm64 1.0.2 75.00 NOTE
r-oldrel-windows-x86_64 1.0.2 4.00 96.00 100.00 NOTE

Check Details

Version: 1.0.2
Check: LazyData
Result: NOTE 'LazyData' is specified without a 'data' directory Flavors: r-devel-linux-x86_64-debian-clang, r-devel-linux-x86_64-debian-gcc, r-devel-linux-x86_64-fedora-clang, r-devel-linux-x86_64-fedora-gcc, r-prerel-macos-arm64, r-prerel-windows-x86_64, r-patched-linux-x86_64, r-release-linux-x86_64, r-release-macos-arm64, r-release-macos-x86_64, r-release-windows-x86_64, r-oldrel-macos-arm64, r-oldrel-windows-x86_64