Last updated on 2023-12-08 19:51:26 CET.
Flavor | Version | Tinstall | Tcheck | Ttotal | Status | Flags |
---|---|---|---|---|---|---|
r-devel-linux-x86_64-debian-clang | 1.0.0 | 217.52 | 43.06 | 260.58 | OK | |
r-devel-linux-x86_64-debian-gcc | 1.0.0 | 168.29 | 44.76 | 213.05 | OK | |
r-devel-linux-x86_64-fedora-clang | 1.0.0 | 363.80 | OK | |||
r-devel-linux-x86_64-fedora-gcc | 1.0.0 | 423.00 | OK | |||
r-devel-windows-x86_64 | 1.0.0 | 169.00 | 86.00 | 255.00 | OK | |
r-patched-linux-x86_64 | 1.0.0 | 194.82 | 57.15 | 251.97 | OK | |
r-release-linux-x86_64 | 1.0.0 | 192.80 | 57.45 | 250.25 | OK | |
r-release-macos-arm64 | 1.0.0 | 77.00 | NOTE | |||
r-release-macos-x86_64 | 1.0.0 | 79.00 | NOTE | |||
r-release-windows-x86_64 | 1.0.0 | 210.00 | 98.00 | 308.00 | OK | |
r-oldrel-macos-arm64 | 1.0.0 | 68.00 | NOTE | |||
r-oldrel-macos-x86_64 | 1.0.0 | 112.00 | NOTE | |||
r-oldrel-windows-x86_64 | 1.0.0 | 209.00 | 90.00 | 299.00 | OK |
Version: 1.0.0
Check: installed package size
Result: NOTE
installed size is 13.1Mb
sub-directories of 1Mb or more:
libs 12.2Mb
Flavors: r-release-macos-arm64, r-release-macos-x86_64, r-oldrel-macos-arm64, r-oldrel-macos-x86_64