CRAN Package Check Results for Package bnstruct

Last updated on 2019-11-14 09:49:25 CET.

Flavor Version Tinstall Tcheck Ttotal Status Flags
r-devel-linux-x86_64-debian-clang 1.0.6 20.11 127.85 147.96 OK
r-devel-linux-x86_64-debian-gcc 1.0.6 14.74 100.15 114.89 OK
r-devel-linux-x86_64-fedora-clang 1.0.6 181.28 OK
r-devel-linux-x86_64-fedora-gcc 1.0.6 178.68 OK
r-devel-windows-ix86+x86_64 1.0.6 47.00 184.00 231.00 OK
r-patched-linux-x86_64 1.0.6 15.85 124.31 140.16 OK
r-patched-solaris-x86 1.0.6 255.10 OK
r-release-linux-x86_64 1.0.6 17.41 123.72 141.13 OK
r-release-windows-ix86+x86_64 1.0.6 35.00 247.00 282.00 OK
r-release-osx-x86_64 1.0.6 NOTE
r-oldrel-windows-ix86+x86_64 1.0.6 30.00 272.00 302.00 OK
r-oldrel-osx-x86_64 1.0.6 OK

Check Details

Version: 1.0.6
Check: package dependencies
Result: NOTE
    Packages suggested but not available for checking: 'graph', 'Rgraphviz'
Flavor: r-release-osx-x86_64