CRAN Package Check Results for Package bnormnlr

Last updated on 2019-02-20 10:47:10 CET.

Flavor Version Tinstall Tcheck Ttotal Status Flags
r-devel-linux-x86_64-debian-clang 1.0 1.48 58.78 60.26 NOTE
r-devel-linux-x86_64-debian-gcc 1.0 1.28 41.53 42.81 NOTE
r-devel-linux-x86_64-fedora-clang 1.0 69.62 NOTE
r-devel-linux-x86_64-fedora-gcc 1.0 67.22 NOTE
r-devel-windows-ix86+x86_64 1.0 5.00 90.00 95.00 NOTE
r-patched-linux-x86_64 1.0 NOTE
r-patched-solaris-x86 1.0 86.40 NOTE
r-release-linux-x86_64 1.0 1.09 54.93 56.02 NOTE
r-release-windows-ix86+x86_64 1.0 2.00 98.00 100.00 NOTE
r-release-osx-x86_64 1.0 NOTE
r-oldrel-windows-ix86+x86_64 1.0 2.00 70.00 72.00 NOTE
r-oldrel-osx-x86_64 1.0 NOTE

Check Details

Version: 1.0
Check: R code for possible problems
Result: NOTE
    bnlr: no visible global function definition for ‘dnorm’
    bnlr: no visible global function definition for ‘runif’
    chainsum : <anonymous>: no visible global function definition for
     ‘quantile’
    infocrit: no visible global function definition for ‘dnorm’
    Undefined global functions or variables:
     dnorm quantile runif
    Consider adding
     importFrom("stats", "dnorm", "quantile", "runif")
    to your NAMESPACE file.
Flavors: r-devel-linux-x86_64-debian-clang, r-devel-linux-x86_64-debian-gcc, r-devel-linux-x86_64-fedora-clang, r-devel-linux-x86_64-fedora-gcc, r-devel-windows-ix86+x86_64, r-patched-linux-x86_64, r-patched-solaris-x86, r-release-linux-x86_64, r-release-windows-ix86+x86_64, r-release-osx-x86_64, r-oldrel-windows-ix86+x86_64, r-oldrel-osx-x86_64