CRAN Package Check Results for Package bnormnlr

Last updated on 2019-04-25 19:48:21 CEST.

Flavor Version Tinstall Tcheck Ttotal Status Flags
r-devel-linux-x86_64-debian-clang 1.0 1.93 57.98 59.91 NOTE
r-devel-linux-x86_64-debian-gcc 1.0 1.39 41.12 42.51 NOTE
r-devel-linux-x86_64-fedora-clang 1.0 66.93 NOTE
r-devel-linux-x86_64-fedora-gcc 1.0 63.64 NOTE
r-devel-windows-ix86+x86_64 1.0 5.00 89.00 94.00 NOTE
r-patched-linux-x86_64 1.0 1.93 55.19 57.12 NOTE
r-patched-solaris-x86 1.0 92.00 NOTE
r-release-linux-x86_64 1.0 1.22 54.81 56.03 NOTE
r-release-windows-ix86+x86_64 1.0 2.00 92.00 94.00 NOTE
r-release-osx-x86_64 1.0 NOTE
r-oldrel-windows-ix86+x86_64 1.0 3.00 96.00 99.00 NOTE
r-oldrel-osx-x86_64 1.0 NOTE

Check Details

Version: 1.0
Check: R code for possible problems
Result: NOTE
    bnlr: no visible global function definition for 'dnorm'
    bnlr: no visible global function definition for 'runif'
    chainsum : <anonymous>: no visible global function definition for
     'quantile'
    infocrit: no visible global function definition for 'dnorm'
    Undefined global functions or variables:
     dnorm quantile runif
    Consider adding
     importFrom("stats", "dnorm", "quantile", "runif")
    to your NAMESPACE file.
Flavors: r-devel-linux-x86_64-debian-clang, r-devel-linux-x86_64-debian-gcc, r-devel-linux-x86_64-fedora-clang, r-devel-linux-x86_64-fedora-gcc, r-devel-windows-ix86+x86_64, r-patched-linux-x86_64, r-patched-solaris-x86, r-release-linux-x86_64, r-release-windows-ix86+x86_64, r-release-osx-x86_64, r-oldrel-windows-ix86+x86_64, r-oldrel-osx-x86_64