CRAN Package Check Results for Package bmlm

Last updated on 2022-12-08 08:53:14 CET.

Flavor Version Tinstall Tcheck Ttotal Status Flags
r-devel-linux-x86_64-debian-clang 1.3.12 263.91 108.34 372.25 NOTE
r-devel-linux-x86_64-debian-gcc 1.3.12 220.88 93.04 313.92 NOTE
r-devel-linux-x86_64-fedora-clang 1.3.12 447.33 NOTE
r-devel-linux-x86_64-fedora-gcc 1.3.12 514.28 NOTE
r-devel-windows-x86_64 1.3.12 182.00 181.00 363.00 NOTE
r-patched-linux-x86_64 1.3.12 167.82 111.57 279.39 NOTE
r-release-linux-x86_64 1.3.12 171.78 113.38 285.16 NOTE
r-release-macos-arm64 1.3.12 134.00 NOTE
r-release-macos-x86_64 1.3.12 208.00 NOTE
r-release-windows-x86_64 1.3.12 174.00 185.00 359.00 NOTE
r-oldrel-macos-arm64 1.3.12 138.00 NOTE
r-oldrel-macos-x86_64 1.3.12 162.00 NOTE
r-oldrel-windows-ix86+x86_64 1.3.12 274.00 158.00 432.00 NOTE

Check Details

Version: 1.3.12
Check: for GNU extensions in Makefiles
Result: NOTE
    GNU make is a SystemRequirements.
Flavors: r-devel-linux-x86_64-debian-clang, r-devel-linux-x86_64-debian-gcc, r-devel-linux-x86_64-fedora-clang, r-devel-linux-x86_64-fedora-gcc, r-devel-windows-x86_64, r-patched-linux-x86_64, r-release-linux-x86_64, r-release-macos-arm64, r-release-macos-x86_64, r-release-windows-x86_64, r-oldrel-macos-arm64, r-oldrel-macos-x86_64, r-oldrel-windows-ix86+x86_64

Version: 1.3.12
Check: dependencies in R code
Result: NOTE
    Namespaces in Imports field not imported from:
     ‘RcppParallel’ ‘rstantools’
     All declared Imports should be used.
Flavors: r-devel-linux-x86_64-fedora-clang, r-devel-linux-x86_64-fedora-gcc, r-release-macos-arm64, r-release-macos-x86_64, r-oldrel-macos-arm64, r-oldrel-macos-x86_64

Version: 1.3.12
Check: installed package size
Result: NOTE
     installed size is 45.5Mb
     sub-directories of 1Mb or more:
     libs 45.1Mb
Flavors: r-release-macos-arm64, r-release-macos-x86_64, r-oldrel-macos-arm64, r-oldrel-macos-x86_64