CRAN Package Check Results for Package bmlm

Last updated on 2019-08-26 05:46:46 CEST.

Flavor Version Tinstall Tcheck Ttotal Status Flags
r-devel-linux-x86_64-debian-clang 1.3.11 133.65 66.25 199.90 NOTE
r-devel-linux-x86_64-debian-gcc 1.3.11 138.17 54.52 192.69 NOTE
r-devel-linux-x86_64-fedora-clang 1.3.11 265.65 WARN
r-devel-linux-x86_64-fedora-gcc 1.3.11 318.78 NOTE
r-devel-windows-ix86+x86_64 1.3.11 314.00 136.00 450.00 NOTE
r-patched-linux-x86_64 1.3.11 129.61 67.43 197.04 NOTE
r-patched-solaris-x86 1.3.11 294.40 NOTE
r-release-linux-x86_64 1.3.11 135.74 67.33 203.07 NOTE
r-release-windows-ix86+x86_64 1.3.11 308.00 178.00 486.00 NOTE
r-release-osx-x86_64 1.3.11 NOTE
r-oldrel-windows-ix86+x86_64 1.3.11 288.00 163.00 451.00 NOTE
r-oldrel-osx-x86_64 1.3.11 NOTE

Check Details

Version: 1.3.11
Check: for GNU extensions in Makefiles
Result: NOTE
    GNU make is a SystemRequirements.
Flavors: r-devel-linux-x86_64-debian-clang, r-devel-linux-x86_64-debian-gcc, r-devel-linux-x86_64-fedora-clang, r-devel-linux-x86_64-fedora-gcc, r-devel-windows-ix86+x86_64, r-patched-linux-x86_64, r-patched-solaris-x86, r-release-linux-x86_64, r-release-windows-ix86+x86_64, r-release-osx-x86_64, r-oldrel-windows-ix86+x86_64, r-oldrel-osx-x86_64

Version: 1.3.11
Check: whether package can be installed
Result: WARN
    Found the following significant warnings:
     /data/gannet/ripley/R/test-clang/StanHeaders/include/stan/math/prim/mat/err/is_lower_triangular.hpp:25:27: warning: 'ptr_fun<double, double>' is deprecated [-Wdeprecated-declarations]
Flavor: r-devel-linux-x86_64-fedora-clang

Version: 1.3.11
Check: installed package size
Result: NOTE
     installed size is 33.7Mb
     sub-directories of 1Mb or more:
     libs 33.4Mb
Flavors: r-devel-linux-x86_64-fedora-clang, r-release-osx-x86_64, r-oldrel-osx-x86_64