CRAN Package Check Results for Package bmlm

Last updated on 2020-01-19 21:48:39 CET.

Flavor Version Tinstall Tcheck Ttotal Status Flags
r-devel-linux-x86_64-debian-clang 1.3.11 143.25 73.31 216.56 NOTE
r-devel-linux-x86_64-debian-gcc 1.3.11 136.83 59.86 196.69 NOTE
r-devel-linux-x86_64-fedora-clang 1.3.11 285.76 NOTE
r-devel-linux-x86_64-fedora-gcc 1.3.11 335.60 NOTE
r-devel-windows-ix86+x86_64 1.3.11 201.00 7.00 208.00 ERROR
r-devel-windows-ix86+x86_64-gcc8 1.3.11 248.00 164.00 412.00 NOTE
r-patched-linux-x86_64 1.3.11 129.86 66.67 196.53 NOTE
r-patched-solaris-x86 1.3.11 304.40 NOTE
r-release-linux-x86_64 1.3.11 138.28 66.71 204.99 NOTE
r-release-windows-ix86+x86_64 1.3.11 310.00 183.00 493.00 NOTE
r-release-osx-x86_64 1.3.11 NOTE
r-oldrel-windows-ix86+x86_64 1.3.11 211.00 118.00 329.00 NOTE
r-oldrel-osx-x86_64 1.3.11 NOTE

Check Details

Version: 1.3.11
Check: for GNU extensions in Makefiles
Result: NOTE
    GNU make is a SystemRequirements.
Flavors: r-devel-linux-x86_64-debian-clang, r-devel-linux-x86_64-debian-gcc, r-devel-linux-x86_64-fedora-clang, r-devel-linux-x86_64-fedora-gcc, r-devel-windows-ix86+x86_64-gcc8, r-patched-linux-x86_64, r-patched-solaris-x86, r-release-linux-x86_64, r-release-windows-ix86+x86_64, r-release-osx-x86_64, r-oldrel-windows-ix86+x86_64, r-oldrel-osx-x86_64

Version: 1.3.11
Check: installed package size
Result: NOTE
     installed size is 33.8Mb
     sub-directories of 1Mb or more:
     libs 33.4Mb
Flavors: r-devel-linux-x86_64-fedora-clang, r-devel-windows-ix86+x86_64-gcc8, r-release-osx-x86_64, r-oldrel-osx-x86_64

Version: 1.3.11
Check: whether package can be installed
Result: ERROR
    Installation failed.
Flavor: r-devel-windows-ix86+x86_64