CRAN Package Check Results for Package bmgarch

Last updated on 2020-12-03 22:53:06 CET.

Flavor Version Tinstall Tcheck Ttotal Status Flags
r-devel-linux-x86_64-debian-clang 1.0.0 1162.82 142.93 1305.75 NOTE
r-devel-linux-x86_64-debian-gcc 1.0.0 915.09 142.17 1057.26 NOTE
r-devel-linux-x86_64-fedora-clang 1.0.0 1775.46 NOTE
r-devel-linux-x86_64-fedora-gcc 1.0.0 1847.63 NOTE
r-devel-windows-ix86+x86_64 1.0.0 2238.00 321.00 2559.00 NOTE
r-patched-linux-x86_64 1.0.0 822.29 177.75 1000.04 NOTE
r-patched-solaris-x86 1.0.0 1603.40 NOTE
r-release-linux-x86_64 1.0.0 818.04 176.88 994.92 NOTE
r-release-macos-x86_64 1.0.0 ERROR
r-release-windows-ix86+x86_64 1.0.0 1644.00 253.00 1897.00 NOTE
r-oldrel-macos-x86_64 1.0.0 NOTE
r-oldrel-windows-ix86+x86_64 1.0.0 2012.00 270.00 2282.00 NOTE

Check Details

Version: 1.0.0
Check: for GNU extensions in Makefiles
Result: NOTE
    GNU make is a SystemRequirements.
Flavors: r-devel-linux-x86_64-debian-clang, r-devel-linux-x86_64-debian-gcc, r-devel-linux-x86_64-fedora-clang, r-devel-linux-x86_64-fedora-gcc, r-devel-windows-ix86+x86_64, r-patched-linux-x86_64, r-patched-solaris-x86, r-release-linux-x86_64, r-release-windows-ix86+x86_64, r-oldrel-macos-x86_64, r-oldrel-windows-ix86+x86_64

Version: 1.0.0
Check: installed package size
Result: NOTE
     installed size is 178.6Mb
     sub-directories of 1Mb or more:
     libs 177.9Mb
Flavors: r-devel-linux-x86_64-fedora-clang, r-devel-windows-ix86+x86_64, r-patched-solaris-x86, r-release-windows-ix86+x86_64, r-oldrel-macos-x86_64, r-oldrel-windows-ix86+x86_64

Version: 1.0.0
Check: package dependencies
Result: ERROR
    Package required and available but unsuitable version: ‘rstan’
    
    See section ‘The DESCRIPTION file’ in the ‘Writing R Extensions’
    manual.
Flavor: r-release-macos-x86_64