CRAN Package Check Results for Package bmeta

Last updated on 2020-06-03 08:49:54 CEST.

Flavor Version Tinstall Tcheck Ttotal Status Flags
r-devel-linux-x86_64-debian-clang 0.1.2 4.89 57.48 62.37 NOTE
r-devel-linux-x86_64-debian-gcc 0.1.2 3.04 42.86 45.90 NOTE
r-devel-linux-x86_64-fedora-clang 0.1.2 84.94 NOTE
r-devel-linux-x86_64-fedora-gcc 0.1.2 71.30 NOTE
r-devel-windows-ix86+x86_64 0.1.2 13.00 81.00 94.00 OK
r-patched-linux-x86_64 0.1.2 4.85 56.74 61.59 NOTE
r-patched-solaris-x86 0.1.2 147.70 NOTE
r-release-linux-x86_64 0.1.2 4.47 58.17 62.64 NOTE
r-release-osx-x86_64 0.1.2 OK
r-release-windows-ix86+x86_64 0.1.2 9.00 106.00 115.00 OK
r-oldrel-osx-x86_64 0.1.2 OK
r-oldrel-windows-ix86+x86_64 0.1.2 8.00 73.00 81.00 OK

Check Details

Version: 0.1.2
Check: for non-standard things in the check directory
Result: NOTE
    Found the following files/directories:
     'model.txt'
Flavors: r-devel-linux-x86_64-debian-clang, r-devel-linux-x86_64-debian-gcc, r-devel-linux-x86_64-fedora-clang, r-devel-linux-x86_64-fedora-gcc, r-patched-linux-x86_64, r-patched-solaris-x86, r-release-linux-x86_64