CRAN Package Check Results for Package bmeta

Last updated on 2020-10-27 20:47:35 CET.

Flavor Version Tinstall Tcheck Ttotal Status Flags
r-devel-linux-x86_64-debian-clang 0.1.2 4.80 59.19 63.99 NOTE
r-devel-linux-x86_64-debian-gcc 0.1.2 3.80 44.32 48.12 NOTE
r-devel-linux-x86_64-fedora-clang 0.1.2 86.22 NOTE
r-devel-linux-x86_64-fedora-gcc 0.1.2 74.74 NOTE
r-devel-windows-ix86+x86_64 0.1.2 9.00 88.00 97.00 OK
r-patched-linux-x86_64 0.1.2 NOTE
r-patched-solaris-x86 0.1.2 146.20 NOTE
r-release-linux-x86_64 0.1.2 3.67 57.19 60.86 NOTE
r-release-macos-x86_64 0.1.2 OK
r-release-windows-ix86+x86_64 0.1.2 6.00 63.00 69.00 OK
r-oldrel-macos-x86_64 0.1.2 OK
r-oldrel-windows-ix86+x86_64 0.1.2 7.00 79.00 86.00 OK

Check Details

Version: 0.1.2
Check: for non-standard things in the check directory
Result: NOTE
    Found the following files/directories:
     'model.txt'
Flavors: r-devel-linux-x86_64-debian-clang, r-devel-linux-x86_64-debian-gcc, r-devel-linux-x86_64-fedora-clang, r-devel-linux-x86_64-fedora-gcc, r-patched-linux-x86_64, r-patched-solaris-x86, r-release-linux-x86_64