CRAN Package Check Results for Package bmass

Last updated on 2021-09-19 11:49:43 CEST.

Flavor Version Tinstall Tcheck Ttotal Status Flags
r-devel-linux-x86_64-debian-clang 1.0.3 2.78 33.76 36.54 OK
r-devel-linux-x86_64-debian-gcc 1.0.3 2.50 25.61 28.11 OK
r-devel-linux-x86_64-fedora-clang 1.0.3 53.29 OK
r-devel-linux-x86_64-fedora-gcc 1.0.3 42.54 OK
r-devel-windows-x86_64 1.0.3 5.00 42.00 47.00 OK
r-devel-windows-x86_64-gcc10-UCRT 1.0.3 ERROR
r-patched-linux-x86_64 1.0.3 3.47 32.43 35.90 OK
r-patched-solaris-x86 1.0.3 64.80 OK
r-release-linux-x86_64 1.0.3 3.09 32.69 35.78 OK
r-release-macos-arm64 1.0.3 OK
r-release-macos-x86_64 1.0.3 OK
r-release-windows-ix86+x86_64 1.0.3 7.00 39.00 46.00 OK
r-oldrel-macos-x86_64 1.0.3 OK
r-oldrel-windows-ix86+x86_64 1.0.3 7.00 49.00 56.00 OK

Check Details

Version: 1.0.3
Check: whether package can be installed
Result: WARN
    Found the following significant warnings:
     WARNING: installation-time patches will not be applied, could not get the patches index
Flavor: r-devel-windows-x86_64-gcc10-UCRT

Version: 1.0.3
Check: PDF version of manual
Result: WARN
    LaTeX errors when creating PDF version.
    This typically indicates Rd problems.
Flavor: r-devel-windows-x86_64-gcc10-UCRT

Version: 1.0.3
Check: PDF version of manual without hyperrefs or index
Result: ERROR
    Re-running with no redirection of stdout/stderr.
Flavor: r-devel-windows-x86_64-gcc10-UCRT