CRAN Package Check Results for Package blorr

Last updated on 2018-12-09 17:49:54 CET.

Flavor Version Tinstall Tcheck Ttotal Status Flags
r-devel-linux-x86_64-debian-clang 0.1.0 26.38 201.20 227.58 OK
r-devel-linux-x86_64-debian-gcc 0.1.0 22.47 152.47 174.94 OK
r-devel-linux-x86_64-fedora-clang 0.1.0 275.29 NOTE
r-devel-linux-x86_64-fedora-gcc 0.1.0 278.61 NOTE
r-devel-windows-ix86+x86_64 0.1.0 87.00 303.00 390.00 OK
r-patched-linux-x86_64 0.1.0 26.33 193.33 219.66 OK
r-patched-solaris-x86 0.1.0 411.90 NOTE
r-release-linux-x86_64 0.1.0 30.50 192.71 223.21 OK
r-release-windows-ix86+x86_64 0.1.0 53.00 297.00 350.00 OK
r-release-osx-x86_64 0.1.0 NOTE
r-oldrel-windows-ix86+x86_64 0.1.0 48.00 352.00 400.00 OK
r-oldrel-osx-x86_64 0.1.0 NOTE

Check Details

Version: 0.1.0
Check: dependencies in R code
Result: NOTE
    Namespace in Imports field not imported from: ‘descriptr’
     All declared Imports should be used.
Flavors: r-devel-linux-x86_64-fedora-clang, r-devel-linux-x86_64-fedora-gcc, r-patched-solaris-x86, r-release-osx-x86_64, r-oldrel-osx-x86_64