CRAN Package Check Results for Package blorr

Last updated on 2019-02-20 13:46:19 CET.

Flavor Version Tinstall Tcheck Ttotal Status Flags
r-devel-linux-x86_64-debian-clang 0.2.0 25.57 208.47 234.04 OK
r-devel-linux-x86_64-debian-gcc 0.2.0 23.45 154.95 178.40 OK
r-devel-linux-x86_64-fedora-clang 0.2.0 285.53 OK
r-devel-linux-x86_64-fedora-gcc 0.2.0 272.45 OK
r-devel-windows-ix86+x86_64 0.2.0 71.00 449.00 520.00 OK
r-patched-linux-x86_64 0.2.0 OK
r-patched-solaris-x86 0.2.0 419.10 OK
r-release-linux-x86_64 0.2.0 OK
r-release-windows-ix86+x86_64 0.2.0 48.00 401.00 449.00 OK
r-release-osx-x86_64 0.2.0 OK
r-oldrel-windows-ix86+x86_64 0.2.0 46.00 10.00 56.00 ERROR
r-oldrel-osx-x86_64 0.2.0 OK

Check Details

Version: 0.2.0
Check: whether the package can be loaded
Result: ERROR
    Loading this package had a fatal error status code 1
    Loading log:
    Error: package or namespace load failed for 'blorr' in namespaceExport(ns, exports):
     undefined exports: add_count, add_count_, add_rownames, add_tally, add_tally_, all_equal, all_vars, anti_join, any_vars, arrange, arrange_, arrange_all, arrange_at, arrange_if, as.tbl, as.tbl_cube, auto_copy, bench_tbls, between, bind_cols, bind_rows, case_when, changes, check_dbplyr, coalesce, collect, combine, common_by, compare_tbls, compare_tbls2, compute, copy_to, count, count_, cumall, cumany, cume_dist, cummean, current_vars, db_analyze, db_begin, db_commit, db_create_index, db_create_indexes, db_create_table, db_data_type, db_desc, db_drop_table, db_explain, db_has_table, db_insert_into, db_list_tables, db_query_fields, db_query_rows, db_rollback, db_save_query, db_write_table, dense_rank, desc, dim_desc, distinct, distinct_, distinct_all, distinct_at, distinct_if, distinct_prepare, do, do_, dr_dplyr, eval_tbls, eval_tbls2, explain, failwith, filter_, filter_all, filter_at, filter_if, first,
    In addition: Warning messages:
    1: S3 methods '[.fun_list', '[.grouped_df', 'all.equal.tbl_df', 'anti_join.data.frame', 'anti_join.tbl_df', 'arrange.data.frame', 'arrange.default', 'arrange.grouped_df', 'arrange.tbl_df', 'arrange_.data.frame', 'arrange_.tbl_df', 'as.data.frame.grouped_df', 'as.data.frame.rowwise_df', 'as.data.frame.tbl_cube', 'as.table.tbl_cube', 'as.tbl.data.frame', 'as.tbl.tbl', 'as.tbl_cube.array', 'as.tbl_cube.data.frame', 'as.tbl_cube.matrix', 'as.tbl_cube.table', 'as_tibble.grouped_df', 'as_tibble.tbl_cube', 'auto_copy.tbl_cube', 'auto_copy.tbl_df', 'cbind.grouped_df', 'collapse.data.frame', 'collect.data.frame', 'common_by.NULL', 'common_by.character', 'common_by.default', 'common_by.list', 'compute.data.frame', 'copy_to.DBIConnection', 'copy_to.src_local', 'default_missing.data.frame', 'default_missing.default', 'dim.tbl_cube', 'distinct.data.frame', 'distinct.default', 'distinct.grouped_df', 'distinct.tbl_df', 'distinct_.data.frame', 'distinct_.grouped_df', 'distinct_.tbl_df', 'do.NULL', 'do.da [... truncated]
    2: S3 methods '[.fun_list', '[.grouped_df', 'all.equal.tbl_df', 'anti_join.data.frame', 'anti_join.tbl_df', 'arrange.data.frame', 'arrange.default', 'arrange.grouped_df', 'arrange.tbl_df', 'arrange_.data.frame', 'arrange_.tbl_df', 'as.data.frame.grouped_df', 'as.data.frame.rowwise_df', 'as.data.frame.tbl_cube', 'as.table.tbl_cube', 'as.tbl.data.frame', 'as.tbl.tbl', 'as.tbl_cube.array', 'as.tbl_cube.data.frame', 'as.tbl_cube.matrix', 'as.tbl_cube.table', 'as_tibble.grouped_df', 'as_tibble.tbl_cube', 'auto_copy.tbl_cube', 'auto_copy.tbl_df', 'cbind.grouped_df', 'collapse.data.frame', 'collect.data.frame', 'common_by.NULL', 'common_by.character', 'common_by.default', 'common_by.list', 'compute.data.frame', 'copy_to.DBIConnection', 'copy_to.src_local', 'default_missing.data.frame', 'default_missing.default', 'dim.tbl_cube', 'distinct.data.frame', 'distinct.default', 'distinct.grouped_df', 'distinct.tbl_df', 'distinct_.data.frame', 'distinct_.grouped_df', 'distinct_.tbl_df', 'do.NULL', 'do.da [... truncated]
    Execution halted
    ** DONE
Flavor: r-oldrel-windows-ix86+x86_64