CRAN Package Check Results for Package blorr

Last updated on 2018-08-22 07:47:32 CEST.

Flavor Version Tinstall Tcheck Ttotal Status Flags
r-devel-linux-x86_64-debian-clang 0.1.0 29.85 240.49 270.34 OK
r-devel-linux-x86_64-debian-gcc 0.1.0 27.52 187.55 215.07 OK
r-devel-linux-x86_64-fedora-clang 0.1.0 330.31 NOTE
r-devel-linux-x86_64-fedora-gcc 0.1.0 320.78 NOTE
r-devel-windows-ix86+x86_64 0.1.0 55.00 327.00 382.00 OK
r-patched-linux-x86_64 0.1.0 28.09 212.05 240.14 OK
r-patched-solaris-x86 0.1.0 445.00 NOTE
r-release-linux-x86_64 0.1.0 29.12 211.13 240.25 OK
r-release-windows-ix86+x86_64 0.1.0 80.00 435.00 515.00 OK
r-release-osx-x86_64 0.1.0 NOTE
r-oldrel-windows-ix86+x86_64 0.1.0 48.00 370.00 418.00 OK
r-oldrel-osx-x86_64 0.1.0 NOTE

Check Details

Version: 0.1.0
Check: dependencies in R code
Result: NOTE
    Namespace in Imports field not imported from: ‘descriptr’
     All declared Imports should be used.
Flavors: r-devel-linux-x86_64-fedora-clang, r-devel-linux-x86_64-fedora-gcc, r-patched-solaris-x86, r-release-osx-x86_64, r-oldrel-osx-x86_64