Last updated on 2023-12-11 05:51:45 CET.
Flavor | Version | Tinstall | Tcheck | Ttotal | Status | Flags |
---|---|---|---|---|---|---|
r-devel-linux-x86_64-debian-clang | 4.9 | 4.93 | 59.24 | 64.17 | NOTE | |
r-devel-linux-x86_64-debian-gcc | 4.9 | 3.88 | 44.40 | 48.28 | NOTE | |
r-devel-linux-x86_64-fedora-clang | 4.9 | 79.98 | OK | |||
r-devel-linux-x86_64-fedora-gcc | 4.9 | 91.92 | OK | |||
r-devel-windows-x86_64 | 4.9 | 6.00 | 69.00 | 75.00 | OK | |
r-patched-linux-x86_64 | 4.9 | 6.96 | 57.25 | 64.21 | OK | |
r-release-linux-x86_64 | 4.9 | 4.81 | 58.61 | 63.42 | OK | |
r-release-macos-arm64 | 4.9 | 35.00 | OK | |||
r-release-macos-x86_64 | 4.9 | 53.00 | OK | |||
r-release-windows-x86_64 | 4.9 | 6.00 | 76.00 | 82.00 | OK | |
r-oldrel-macos-arm64 | 4.9 | 29.00 | OK | |||
r-oldrel-macos-x86_64 | 4.9 | 35.00 | OK | |||
r-oldrel-windows-x86_64 | 4.9 | 7.00 | 72.00 | 79.00 | OK |
Version: 4.9
Check: Rd files
Result: NOTE
checkRd: (-1) durban.Rd:16: Lost braces; missing escapes or markup?
16 | This data set was obtained from the durban.rowcol {agridat} example in package 'agridat'
| ^
checkRd: (-1) fraction.Rd:30: Lost braces in \itemize; \value handles \item{}{} directly
checkRd: (-1) fraction.Rd:31-32: Lost braces in \itemize; \value handles \item{}{} directly
checkRd: (-1) fraction.Rd:33: Lost braces in \itemize; \value handles \item{}{} directly
Flavors: r-devel-linux-x86_64-debian-clang, r-devel-linux-x86_64-debian-gcc