CRAN Package Check Results for Package blocklength

Last updated on 2021-09-17 19:51:59 CEST.

Flavor Version Tinstall Tcheck Ttotal Status Flags
r-devel-linux-x86_64-debian-clang 0.1.4 2.63 172.05 174.68 OK
r-devel-linux-x86_64-debian-gcc 0.1.4 1.98 114.02 116.00 OK
r-devel-linux-x86_64-fedora-clang 0.1.4 216.43 NOTE
r-devel-linux-x86_64-fedora-gcc 0.1.4 197.76 OK
r-devel-windows-x86_64 0.1.4 4.00 169.00 173.00 OK
r-devel-windows-x86_64-gcc10-UCRT 0.1.4 OK
r-patched-linux-x86_64 0.1.4 2.65 162.80 165.45 OK
r-patched-solaris-x86 0.1.4 248.80 OK
r-release-linux-x86_64 0.1.4 2.52 163.96 166.48 OK
r-release-macos-arm64 0.1.4 OK
r-release-macos-x86_64 0.1.4 OK
r-release-windows-ix86+x86_64 0.1.4 6.00 170.00 176.00 OK
r-oldrel-macos-x86_64 0.1.4 OK
r-oldrel-windows-ix86+x86_64 0.1.4 5.00 200.00 205.00 OK

Check Details

Version: 0.1.4
Check: Rd cross-references
Result: NOTE
    Undeclared package ‘np’ in Rd xrefs
Flavor: r-devel-linux-x86_64-fedora-clang