CRAN Package Check Results for Package blink

Last updated on 2019-07-19 15:46:55 CEST.

Flavor Version Tinstall Tcheck Ttotal Status Flags
r-devel-linux-x86_64-debian-clang 0.1.0 8.35 238.18 246.53 NOTE
r-devel-linux-x86_64-debian-gcc 0.1.0 8.07 180.58 188.65 NOTE
r-devel-linux-x86_64-fedora-clang 0.1.0 295.26 NOTE
r-devel-linux-x86_64-fedora-gcc 0.1.0 303.51 NOTE
r-devel-windows-ix86+x86_64 0.1.0 26.00 240.00 266.00 NOTE
r-patched-linux-x86_64 0.1.0 7.92 237.21 245.13 OK
r-patched-solaris-x86 0.1.0 425.70 OK
r-release-linux-x86_64 0.1.0 8.16 242.98 251.14 OK
r-release-windows-ix86+x86_64 0.1.0 25.00 249.00 274.00 OK
r-release-osx-x86_64 0.1.0 OK
r-oldrel-windows-ix86+x86_64 0.1.0 16.00 311.00 327.00 OK
r-oldrel-osx-x86_64 0.1.0 OK

Check Details

Version: 0.1.0
Check: package vignettes
Result: NOTE
    Package vignette with placeholder title 'Vignette Title':
     'introEBLink.Rmd'
Flavors: r-devel-linux-x86_64-debian-clang, r-devel-linux-x86_64-debian-gcc, r-devel-windows-ix86+x86_64

Version: 0.1.0
Check: for non-standard things in the check directory
Result: NOTE
    Found the following files/directories:
     'lambda-20190718-203323.txt'
Flavor: r-devel-linux-x86_64-debian-clang

Version: 0.1.0
Check: for non-standard things in the check directory
Result: NOTE
    Found the following files/directories:
     ‘lambda-20190719-070630.txt’
Flavor: r-devel-linux-x86_64-debian-gcc

Version: 0.1.0
Check: for non-standard things in the check directory
Result: NOTE
    Found the following files/directories:
     ‘lambda-20190711-203057.txt’
Flavor: r-devel-linux-x86_64-fedora-clang

Version: 0.1.0
Check: for non-standard things in the check directory
Result: NOTE
    Found the following files/directories:
     ‘lambda-20190710-230349.txt’
Flavor: r-devel-linux-x86_64-fedora-gcc