CRAN Package Check Results for Package blatr

Last updated on 2019-04-20 05:49:16 CEST.

Flavor Version Tinstall Tcheck Ttotal Status Flags
r-devel-windows-ix86+x86_64 1.0.1 4.00 27.00 31.00 NOTE
r-release-windows-ix86+x86_64 1.0.1 2.00 25.00 27.00 NOTE
r-release-osx-x86_64 1.0.1 OK
r-oldrel-windows-ix86+x86_64 1.0.1 2.00 23.00 25.00 NOTE
r-oldrel-osx-x86_64 1.0.1 OK

Check Details

Version: 1.0.1
Check: R code for possible problems
Result: NOTE
    install_blat: no visible global function definition for 'download.file'
    install_blat: no visible global function definition for 'unzip'
    Undefined global functions or variables:
     download.file unzip
    Consider adding
     importFrom("utils", "download.file", "unzip")
    to your NAMESPACE file.
Flavors: r-devel-windows-ix86+x86_64, r-release-windows-ix86+x86_64, r-oldrel-windows-ix86+x86_64