CRAN Package Check Results for Package blatent

Last updated on 2021-04-15 22:51:02 CEST.

Flavor Version Tinstall Tcheck Ttotal Status Flags
r-devel-linux-x86_64-debian-clang 0.1.1 131.53 44.50 176.03 NOTE
r-devel-linux-x86_64-debian-gcc 0.1.1 87.34 34.19 121.53 NOTE
r-devel-linux-x86_64-fedora-clang 0.1.1 253.38 NOTE
r-devel-linux-x86_64-fedora-gcc 0.1.1 219.63 NOTE
r-devel-windows-ix86+x86_64 0.1.1 295.00 85.00 380.00 NOTE
r-devel-windows-x86_64-gcc10-UCRT 0.1.1 NOTE
r-patched-linux-x86_64 0.1.1 106.27 41.27 147.54 OK
r-patched-solaris-x86 0.1.1 192.80 OK
r-release-linux-x86_64 0.1.1 96.68 40.80 137.48 OK
r-release-macos-x86_64 0.1.1 OK
r-release-windows-ix86+x86_64 0.1.1 253.00 88.00 341.00 OK
r-oldrel-macos-x86_64 0.1.1 OK
r-oldrel-windows-ix86+x86_64 0.1.1 259.00 63.00 322.00 OK

Check Details

Version: 0.1.1
Check: LazyData
Result: NOTE
     'LazyData' is specified without a 'data' directory
Flavors: r-devel-linux-x86_64-debian-clang, r-devel-linux-x86_64-debian-gcc, r-devel-linux-x86_64-fedora-clang, r-devel-linux-x86_64-fedora-gcc, r-devel-windows-ix86+x86_64, r-devel-windows-x86_64-gcc10-UCRT

Version: 0.1.1
Check: installed package size
Result: NOTE
     installed size is 5.2Mb
     sub-directories of 1Mb or more:
     libs 4.7Mb
Flavor: r-devel-linux-x86_64-fedora-clang