CRAN Package Check Results for Package bizdays

Last updated on 2019-05-22 13:47:11 CEST.

Flavor Version Tinstall Tcheck Ttotal Status Flags
r-devel-linux-x86_64-debian-clang 1.0.6 4.73 47.91 52.64 OK
r-devel-linux-x86_64-debian-gcc 1.0.6 3.65 38.31 41.96 OK
r-devel-linux-x86_64-fedora-clang 1.0.6 61.53 NOTE
r-devel-linux-x86_64-fedora-gcc 1.0.6 60.45 NOTE
r-devel-windows-ix86+x86_64 1.0.6 10.00 81.00 91.00 OK
r-patched-linux-x86_64 1.0.6 4.91 48.58 53.49 OK
r-patched-solaris-x86 1.0.6 89.40 NOTE
r-release-linux-x86_64 1.0.6 4.70 48.73 53.43 OK
r-release-windows-ix86+x86_64 1.0.6 15.00 107.00 122.00 OK
r-release-osx-x86_64 1.0.6 OK
r-oldrel-windows-ix86+x86_64 1.0.6 8.00 80.00 88.00 OK
r-oldrel-osx-x86_64 1.0.6 NOTE

Check Details

Version: 1.0.6
Check: package dependencies
Result: NOTE
    Package suggested but not available for checking: ‘RQuantLib’
Flavors: r-devel-linux-x86_64-fedora-clang, r-devel-linux-x86_64-fedora-gcc, r-patched-solaris-x86, r-oldrel-osx-x86_64