CRAN Package Check Results for Package bizdays

Last updated on 2019-03-23 15:47:38 CET.

Flavor Version Tinstall Tcheck Ttotal Status Flags
r-devel-linux-x86_64-debian-clang 1.0.6 4.81 47.43 52.24 NOTE
r-devel-linux-x86_64-debian-gcc 1.0.6 3.70 38.52 42.22 OK
r-devel-linux-x86_64-fedora-clang 1.0.6 62.63 NOTE
r-devel-linux-x86_64-fedora-gcc 1.0.6 59.87 NOTE
r-devel-windows-ix86+x86_64 1.0.6 16.00 108.00 124.00 OK
r-patched-linux-x86_64 1.0.6 4.07 44.81 48.88 OK
r-patched-solaris-x86 1.0.6 82.00 NOTE
r-release-linux-x86_64 1.0.6 0.35 2.50 2.85 ERROR
r-release-windows-ix86+x86_64 1.0.6 8.00 86.00 94.00 OK
r-release-osx-x86_64 1.0.6 NOTE
r-oldrel-windows-ix86+x86_64 1.0.6 9.00 119.00 128.00 OK
r-oldrel-osx-x86_64 1.0.6 NOTE

Check Details

Version: 1.0.6
Check: package dependencies
Result: NOTE
    Package suggested but not available for checking: 'RQuantLib'
Flavors: r-devel-linux-x86_64-debian-clang, r-devel-linux-x86_64-fedora-clang, r-devel-linux-x86_64-fedora-gcc, r-patched-solaris-x86, r-release-osx-x86_64, r-oldrel-osx-x86_64

Version: 1.0.6
Check: whether package can be installed
Result: ERROR
    Installation failed.
Flavor: r-release-linux-x86_64