CRAN Package Check Results for Package bisque

Last updated on 2021-09-19 09:50:02 CEST.

Flavor Version Tinstall Tcheck Ttotal Status Flags
r-devel-linux-x86_64-debian-clang 1.0.2 149.05 43.49 192.54 OK
r-devel-linux-x86_64-debian-gcc 1.0.2 95.89 33.46 129.35 OK
r-devel-linux-x86_64-fedora-clang 1.0.2 271.36 NOTE
r-devel-linux-x86_64-fedora-gcc 1.0.2 239.69 OK
r-devel-windows-x86_64 1.0.2 130.00 68.00 198.00 OK
r-devel-windows-x86_64-gcc10-UCRT 1.0.2 ERROR
r-patched-linux-x86_64 1.0.2 123.38 41.74 165.12 OK
r-patched-solaris-x86 1.0.2 213.20 OK
r-release-linux-x86_64 1.0.2 120.11 41.51 161.62 OK
r-release-macos-arm64 1.0.2 NOTE
r-release-macos-x86_64 1.0.2 NOTE
r-release-windows-ix86+x86_64 1.0.2 335.00 78.00 413.00 OK
r-oldrel-macos-x86_64 1.0.2 NOTE
r-oldrel-windows-ix86+x86_64 1.0.2 329.00 77.00 406.00 OK

Check Details

Version: 1.0.2
Check: installed package size
Result: NOTE
     installed size is 5.4Mb
     sub-directories of 1Mb or more:
     libs 5.2Mb
Flavors: r-devel-linux-x86_64-fedora-clang, r-release-macos-arm64, r-release-macos-x86_64, r-oldrel-macos-x86_64

Version: 1.0.2
Check: whether package can be installed
Result: ERROR
    Installation failed.
Flavor: r-devel-windows-x86_64-gcc10-UCRT