CRAN Package Check Results for Package birankr

Last updated on 2023-06-02 09:57:20 CEST.

Flavor Version Tinstall Tcheck Ttotal Status Flags
r-devel-linux-x86_64-debian-clang 1.0.1 7.80 91.66 99.46 NOTE
r-devel-linux-x86_64-debian-gcc 1.0.1 6.33 65.81 72.14 NOTE
r-devel-linux-x86_64-fedora-clang 1.0.1 117.37 NOTE
r-devel-linux-x86_64-fedora-gcc 1.0.1 111.73 NOTE
r-devel-windows-x86_64 1.0.1 8.00 78.00 86.00 NOTE
r-patched-linux-x86_64 1.0.1 NOTE
r-release-linux-x86_64 1.0.1 6.98 81.04 88.02 NOTE
r-release-macos-arm64 1.0.1 35.00 NOTE
r-release-macos-x86_64 1.0.1 58.00 NOTE
r-release-windows-x86_64 1.0.1 11.00 88.00 99.00 NOTE
r-oldrel-macos-arm64 1.0.1 35.00 NOTE
r-oldrel-macos-x86_64 1.0.1 46.00 NOTE
r-oldrel-windows-x86_64 1.0.1 10.00 90.00 100.00 NOTE

Check Details

Version: 1.0.1
Check: LazyData
Result: NOTE
     'LazyData' is specified without a 'data' directory
Flavors: r-devel-linux-x86_64-debian-clang, r-devel-linux-x86_64-debian-gcc, r-devel-linux-x86_64-fedora-clang, r-devel-linux-x86_64-fedora-gcc, r-devel-windows-x86_64, r-patched-linux-x86_64, r-release-linux-x86_64, r-release-macos-arm64, r-release-macos-x86_64, r-release-windows-x86_64, r-oldrel-macos-arm64, r-oldrel-macos-x86_64, r-oldrel-windows-x86_64