CRAN Package Check Results for Package bipartiteD3

Last updated on 2019-02-18 01:51:09 CET.

Flavor Version Tinstall Tcheck Ttotal Status Flags
r-devel-linux-x86_64-debian-clang 0.1.0 6.50 85.72 92.22 OK
r-devel-linux-x86_64-debian-gcc 0.1.0 6.14 66.82 72.96 OK
r-devel-linux-x86_64-fedora-clang 0.1.0 119.98 OK
r-devel-linux-x86_64-fedora-gcc 0.1.0 107.36 OK
r-devel-windows-ix86+x86_64 0.1.0 21.00 96.00 117.00 OK
r-patched-linux-x86_64 0.1.0 7.88 80.36 88.24 OK
r-patched-solaris-x86 0.1.0 164.20 WARN
r-release-linux-x86_64 0.1.0 OK
r-release-windows-ix86+x86_64 0.1.0 12.00 94.00 106.00 OK
r-release-osx-x86_64 0.1.0 WARN
r-oldrel-windows-ix86+x86_64 0.1.0 21.00 10.00 31.00 ERROR
r-oldrel-osx-x86_64 0.1.0 WARN

Check Details

Version: 0.1.0
Check: re-building of vignette outputs
Result: WARN
    Error in re-building vignettes:
     ...
    Warning in engine$weave(file, quiet = quiet, encoding = enc) :
     Pandoc (>= 1.12.3) and/or pandoc-citeproc not available. Falling back to R Markdown v1.
    Loading required package: vegan
    Loading required package: permute
    Loading required package: lattice
    This is vegan 2.5-4
    Loading required package: sna
    Loading required package: statnet.common
    
    Attaching package: 'statnet.common'
    
    The following object is masked from 'package:base':
    
     order
    
    Loading required package: network
    network: Classes for Relational Data
    Version 1.13.0.1 created on 2015-08-31.
    copyright (c) 2005, Carter T. Butts, University of California-Irvine
     Mark S. Handcock, University of California -- Los Angeles
     David R. Hunter, Penn State University
     Martina Morris, University of Washington
     Skye Bender-deMoll, University of Washington
     For citation information, type citation("network").
     Type help("network-package") to get started.
    
    sna: Tools for Social Network Analysis
    Version 2.4 created on 2016-07-23.
    copyright (c) 2005, Carter T. Butts, University of California-Irvine
     For citation information, type citation("sna").
     Type help(package="sna") to get started.
    
     This is bipartite 2.11
     For latest changes see versionlog in ?"bipartite-package".
     For citation see: citation("bipartite").
     Have a nice time plotting and analysing two-mode networks.
    
    
    Attaching package: 'bipartite'
    
    The following object is masked from 'package:vegan':
    
     nullmodel
    
    
    Attaching package: 'dplyr'
    
    The following objects are masked from 'package:stats':
    
     filter, lag
    
    The following objects are masked from 'package:base':
    
     intersect, setdiff, setequal, union
    
    Quitting from lines 42-54 (bipartiteD3_Intro.Rmd)
    Error: processing vignette 'bipartiteD3_Intro.Rmd' failed with diagnostics:
    there is no package called 'webshot'
    Execution halted
Flavor: r-patched-solaris-x86

Version: 0.1.0
Check: re-building of vignette outputs
Result: WARN
    Error in re-building vignettes:
     ...
     For citation see: citation("bipartite").
     Have a nice time plotting and analysing two-mode networks.
    
    
    Attaching package: 'bipartite'
    
    The following object is masked from 'package:vegan':
    
     nullmodel
    
    
    Attaching package: 'dplyr'
    
    The following objects are masked from 'package:stats':
    
     filter, lag
    
    The following objects are masked from 'package:base':
    
     intersect, setdiff, setequal, union
    
    Quitting from lines 42-54 (bipartiteD3_Intro.Rmd)
    Error: processing vignette 'bipartiteD3_Intro.Rmd' failed with diagnostics:
    cannot open the connection
    Execution halted
Flavors: r-release-osx-x86_64, r-oldrel-osx-x86_64

Version: 0.1.0
Check: whether the package can be loaded
Result: ERROR
    Loading this package had a fatal error status code 1
    Loading log:
    Error: package or namespace load failed for 'bipartiteD3' in namespaceExport(ns, exports):
     undefined exports: add_count, add_count_, add_rownames, add_tally, add_tally_, all_equal, all_vars, anti_join, any_vars, arrange, arrange_, arrange_all, arrange_at, arrange_if, as.tbl, as.tbl_cube, auto_copy, bench_tbls, between, bind_cols, bind_rows, case_when, changes, check_dbplyr, coalesce, collect, combine, common_by, compare_tbls, compare_tbls2, compute, copy_to, count, count_, cumall, cumany, cume_dist, cummean, current_vars, db_analyze, db_begin, db_commit, db_create_index, db_create_indexes, db_create_table, db_data_type, db_desc, db_drop_table, db_explain, db_has_table, db_insert_into, db_list_tables, db_query_fields, db_query_rows, db_rollback, db_save_query, db_write_table, dense_rank, desc, dim_desc, distinct, distinct_, distinct_all, distinct_at, distinct_if, distinct_prepare, do, do_, dr_dplyr, eval_tbls, eval_tbls2, explain, failwith, filter_, filter_all, filter_at, filter_if, f
    In addition: Warning message:
    S3 methods '[.fun_list', '[.grouped_df', 'all.equal.tbl_df', 'anti_join.data.frame', 'anti_join.tbl_df', 'arrange.data.frame', 'arrange.default', 'arrange.grouped_df', 'arrange.tbl_df', 'arrange_.data.frame', 'arrange_.tbl_df', 'as.data.frame.grouped_df', 'as.data.frame.rowwise_df', 'as.data.frame.tbl_cube', 'as.table.tbl_cube', 'as.tbl.data.frame', 'as.tbl.tbl', 'as.tbl_cube.array', 'as.tbl_cube.data.frame', 'as.tbl_cube.matrix', 'as.tbl_cube.table', 'as_tibble.grouped_df', 'as_tibble.tbl_cube', 'auto_copy.tbl_cube', 'auto_copy.tbl_df', 'cbind.grouped_df', 'collapse.data.frame', 'collect.data.frame', 'common_by.NULL', 'common_by.character', 'common_by.default', 'common_by.list', 'compute.data.frame', 'copy_to.DBIConnection', 'copy_to.src_local', 'default_missing.data.frame', 'default_missing.default', 'dim.tbl_cube', 'distinct.data.frame', 'distinct.default', 'distinct.grouped_df', 'distinct.tbl_df', 'distinct_.data.frame', 'distinct_.grouped_df', 'distinct_.tbl_df', 'do.NULL', 'do.da [... truncated]
    Execution halted
Flavor: r-oldrel-windows-ix86+x86_64