CRAN Package Check Results for Package bipartiteD3

Last updated on 2019-04-24 15:57:12 CEST.

Flavor Version Tinstall Tcheck Ttotal Status Flags
r-devel-linux-x86_64-debian-clang 0.2.0 3.82 41.27 45.09 OK
r-devel-linux-x86_64-debian-gcc 0.2.0 3.19 32.42 35.61 OK
r-devel-linux-x86_64-fedora-clang 0.2.0 52.94 OK
r-devel-linux-x86_64-fedora-gcc 0.2.0 50.52 OK
r-devel-windows-ix86+x86_64 0.2.0 12.00 56.00 68.00 OK
r-patched-linux-x86_64 0.2.0 3.47 39.91 43.38 OK
r-patched-solaris-x86 0.2.0 77.90 WARN
r-release-linux-x86_64 0.2.0 2.65 39.30 41.95 OK
r-release-windows-ix86+x86_64 0.2.0 6.00 89.00 95.00 OK
r-release-osx-x86_64 0.2.0 WARN
r-oldrel-windows-ix86+x86_64 0.2.0 6.00 80.00 86.00 OK
r-oldrel-osx-x86_64 0.2.0 WARN

Check Details

Version: 0.2.0
Check: re-building of vignette outputs
Result: WARN
    Error(s) in re-building vignettes:
     ...
    --- re-building ‘bipartiteD3_Intro.Rmd’ using rmarkdown
    Warning in engine$weave(file, quiet = quiet, encoding = enc) :
     Pandoc (>= 1.12.3) and/or pandoc-citeproc not available. Falling back to R Markdown v1.
    Loading required package: vegan
    Loading required package: permute
    Loading required package: lattice
    This is vegan 2.5-4
    Loading required package: sna
    Loading required package: statnet.common
    
    Attaching package: 'statnet.common'
    
    The following object is masked from 'package:base':
    
     order
    
    Loading required package: network
    network: Classes for Relational Data
    Version 1.15 created on 2019-04-01.
    copyright (c) 2005, Carter T. Butts, University of California-Irvine
     Mark S. Handcock, University of California -- Los Angeles
     David R. Hunter, Penn State University
     Martina Morris, University of Washington
     Skye Bender-deMoll, University of Washington
     For citation information, type citation("network").
     Type help("network-package") to get started.
    
    sna: Tools for Social Network Analysis
    Version 2.4 created on 2016-07-23.
    copyright (c) 2005, Carter T. Butts, University of California-Irvine
     For citation information, type citation("sna").
     Type help(package="sna") to get started.
    
     This is bipartite 2.11
     For latest changes see versionlog in ?"bipartite-package".
     For citation see: citation("bipartite").
     Have a nice time plotting and analysing two-mode networks.
    
    
    Attaching package: 'bipartite'
    
    The following object is masked from 'package:vegan':
    
     nullmodel
    
    
    Attaching package: 'dplyr'
    
    The following objects are masked from 'package:stats':
    
     filter, lag
    
    The following objects are masked from 'package:base':
    
     intersect, setdiff, setequal, union
    
    trying URL 'http://vizjs.org/viz.v1.1.0.min.js'
    Content type 'application/javascript' length 23466 bytes (22 KB)
    ==================================================
    downloaded 22 KB
    
    trying URL 'http://vizjs.org/viz.v1.1.0.min.js'
    Content type 'application/javascript' length 23466 bytes (22 KB)
    ==================================================
    downloaded 22 KB
    
    Quitting from lines 42-54 (bipartiteD3_Intro.Rmd)
    Error: processing vignette 'bipartiteD3_Intro.Rmd' failed with diagnostics:
    there is no package called 'webshot'
    --- failed re-building ‘bipartiteD3_Intro.Rmd’
    
    SUMMARY: processing the following file failed:
     ‘bipartiteD3_Intro.Rmd’
    
    Error: Vignette re-building failed.
    Execution halted
Flavor: r-patched-solaris-x86

Version: 0.2.0
Check: re-building of vignette outputs
Result: WARN
    Error in re-building vignettes:
     ...
    
    Attaching package: 'dplyr'
    
    The following objects are masked from 'package:stats':
    
     filter, lag
    
    The following objects are masked from 'package:base':
    
     intersect, setdiff, setequal, union
    
    trying URL 'http://vizjs.org/viz.v1.1.0.min.js'
    Content type 'application/javascript' length 23466 bytes (22 KB)
    ==================================================
    downloaded 22 KB
    
    trying URL 'http://vizjs.org/viz.v1.1.0.min.js'
    Content type 'application/javascript' length 23466 bytes (22 KB)
    ==================================================
    downloaded 22 KB
    
    Quitting from lines 42-54 (bipartiteD3_Intro.Rmd)
    Error: processing vignette 'bipartiteD3_Intro.Rmd' failed with diagnostics:
    cannot open the connection
    Execution halted
Flavors: r-release-osx-x86_64, r-oldrel-osx-x86_64