Last updated on 2019-02-23 15:52:38 CET.
Flavor | Version | Tinstall | Tcheck | Ttotal | Status | Flags |
---|---|---|---|---|---|---|
r-devel-linux-x86_64-debian-clang | 0.1.3 | 7.55 | 74.59 | 82.14 | OK | |
r-devel-linux-x86_64-debian-gcc | 0.1.3 | 5.39 | 56.28 | 61.67 | OK | |
r-devel-linux-x86_64-fedora-clang | 0.1.3 | 98.15 | NOTE | |||
r-devel-linux-x86_64-fedora-gcc | 0.1.3 | 90.69 | OK | |||
r-devel-windows-ix86+x86_64 | 0.1.3 | 23.00 | 96.00 | 119.00 | NOTE | |
r-patched-linux-x86_64 | 0.1.3 | 5.21 | 67.56 | 72.77 | OK | |
r-patched-solaris-x86 | 0.1.3 | 144.30 | NOTE | |||
r-release-linux-x86_64 | 0.1.3 | 6.86 | 67.73 | 74.59 | OK | |
r-release-windows-ix86+x86_64 | 0.1.3 | 23.00 | 127.00 | 150.00 | NOTE | |
r-release-osx-x86_64 | 0.1.3 | NOTE | ||||
r-oldrel-windows-ix86+x86_64 | 0.1.3 | 15.00 | 86.00 | 101.00 | NOTE | |
r-oldrel-osx-x86_64 | 0.1.3 | NOTE |
Version: 0.1.3
Check: installed package size
Result: NOTE
installed size is 5.5Mb
sub-directories of 1Mb or more:
doc 4.9Mb
Flavors: r-devel-linux-x86_64-fedora-clang, r-devel-windows-ix86+x86_64, r-patched-solaris-x86, r-release-windows-ix86+x86_64, r-release-osx-x86_64, r-oldrel-windows-ix86+x86_64, r-oldrel-osx-x86_64