CRAN Package Check Results for Package biostat3

Last updated on 2019-04-24 05:48:03 CEST.

Flavor Version Tinstall Tcheck Ttotal Status Flags
r-devel-linux-x86_64-debian-clang 0.1.3 9.75 72.60 82.35 OK
r-devel-linux-x86_64-debian-gcc 0.1.3 8.40 55.91 64.31 OK
r-devel-linux-x86_64-fedora-clang 0.1.3 94.63 NOTE
r-devel-linux-x86_64-fedora-gcc 0.1.3 90.36 OK
r-devel-windows-ix86+x86_64 0.1.3 27.00 80.00 107.00 NOTE
r-patched-linux-x86_64 0.1.3 8.25 68.89 77.14 OK
r-patched-solaris-x86 0.1.3 147.30 NOTE
r-release-linux-x86_64 0.1.3 4.63 67.54 72.17 OK
r-release-windows-ix86+x86_64 0.1.3 12.00 108.00 120.00 NOTE
r-release-osx-x86_64 0.1.3 NOTE
r-oldrel-windows-ix86+x86_64 0.1.3 21.00 90.00 111.00 NOTE
r-oldrel-osx-x86_64 0.1.3 NOTE

Check Details

Version: 0.1.3
Check: installed package size
Result: NOTE
     installed size is 5.5Mb
     sub-directories of 1Mb or more:
     doc 4.9Mb
Flavors: r-devel-linux-x86_64-fedora-clang, r-devel-windows-ix86+x86_64, r-patched-solaris-x86, r-release-windows-ix86+x86_64, r-release-osx-x86_64, r-oldrel-windows-ix86+x86_64, r-oldrel-osx-x86_64