CRAN Package Check Results for Package biosensors.usc

Last updated on 2022-08-09 13:49:37 CEST.

Flavor Version Tinstall Tcheck Ttotal Status Flags
r-devel-linux-x86_64-debian-clang 1.0 45.14 121.87 167.01 OK
r-devel-linux-x86_64-debian-gcc 1.0 37.20 91.76 128.96 OK
r-devel-linux-x86_64-fedora-clang 1.0 222.79 NOTE
r-devel-linux-x86_64-fedora-gcc 1.0 207.52 NOTE
r-devel-windows-x86_64 1.0 69.00 172.00 241.00 NOTE
r-patched-linux-x86_64 1.0 41.42 115.97 157.39 OK
r-release-linux-x86_64 1.0 OK
r-release-macos-arm64 1.0 67.00 NOTE
r-release-macos-x86_64 1.0 93.00 NOTE
r-release-windows-x86_64 1.0 72.00 173.00 245.00 NOTE
r-oldrel-macos-arm64 1.0 73.00 NOTE
r-oldrel-macos-x86_64 1.0 82.00 NOTE
r-oldrel-windows-ix86+x86_64 1.0 111.00 204.00 315.00 NOTE

Check Details

Version: 1.0
Check: installed package size
Result: NOTE
     installed size is 7.2Mb
     sub-directories of 1Mb or more:
     extdata 4.8Mb
     libs 1.8Mb
Flavors: r-devel-linux-x86_64-fedora-clang, r-devel-windows-x86_64, r-release-macos-arm64, r-release-macos-x86_64, r-release-windows-x86_64, r-oldrel-macos-arm64, r-oldrel-macos-x86_64, r-oldrel-windows-ix86+x86_64

Version: 1.0
Check: dependencies in R code
Result: NOTE
    Namespace in Imports field not imported from: ‘Rcpp’
     All declared Imports should be used.
Flavors: r-devel-linux-x86_64-fedora-clang, r-devel-linux-x86_64-fedora-gcc, r-release-macos-arm64, r-release-macos-x86_64, r-oldrel-macos-arm64, r-oldrel-macos-x86_64