CRAN Package Check Results for Package biogram

Last updated on 2021-06-17 01:50:02 CEST.

Flavor Version Tinstall Tcheck Ttotal Status Flags
r-devel-linux-x86_64-debian-clang 1.6.3 5.14 60.82 65.96 OK
r-devel-linux-x86_64-debian-gcc 1.6.3 3.96 46.03 49.99 OK
r-devel-linux-x86_64-fedora-clang 1.6.3 87.36 NOTE
r-devel-linux-x86_64-fedora-gcc 1.6.3 79.66 OK
r-devel-windows-x86_64 1.6.3 8.00 86.00 94.00 OK
r-devel-windows-x86_64-gcc10-UCRT 1.6.3 OK
r-patched-linux-x86_64 1.6.3 5.61 58.39 64.00 OK
r-patched-solaris-x86 1.6.3 113.90 OK
r-release-linux-x86_64 1.6.3 5.29 58.73 64.02 OK
r-release-macos-arm64 1.6.3 OK
r-release-macos-x86_64 1.6.3 OK
r-release-windows-ix86+x86_64 1.6.3 11.00 89.00 100.00 OK
r-oldrel-macos-x86_64 1.6.3 OK
r-oldrel-windows-ix86+x86_64 1.6.3 6.00 90.00 96.00 OK

Check Details

Version: 1.6.3
Check: Rd cross-references
Result: NOTE
    Undeclared package ‘seqinr’ in Rd xrefs
Flavor: r-devel-linux-x86_64-fedora-clang