CRAN Package Check Results for Package bioRad

Last updated on 2020-07-08 12:48:50 CEST.

Flavor Version Tinstall Tcheck Ttotal Status Flags
r-devel-linux-x86_64-debian-clang 0.5.2 19.85 267.64 287.49 OK
r-devel-linux-x86_64-debian-gcc 0.5.2 17.89 200.40 218.29 OK
r-devel-linux-x86_64-fedora-clang 0.5.2 351.41 NOTE
r-devel-linux-x86_64-fedora-gcc 0.5.2 341.25 OK
r-devel-windows-ix86+x86_64 0.5.2 43.00 341.00 384.00 NOTE
r-patched-linux-x86_64 0.5.2 20.29 265.55 285.84 OK
r-patched-solaris-x86 0.5.2 472.60 NOTE
r-release-linux-x86_64 0.5.2 21.62 260.25 281.87 OK
r-release-osx-x86_64 0.5.2 NOTE
r-release-windows-ix86+x86_64 0.5.2 44.00 307.00 351.00 NOTE
r-oldrel-osx-x86_64 0.5.2 NOTE
r-oldrel-windows-ix86+x86_64 0.5.2 60.00 411.00 471.00 NOTE

Check Details

Version: 0.5.2
Check: installed package size
Result: NOTE
     installed size is 5.7Mb
     sub-directories of 1Mb or more:
     data 1.6Mb
     doc 1.2Mb
     extdata 1.7Mb
Flavors: r-devel-linux-x86_64-fedora-clang, r-devel-windows-ix86+x86_64, r-patched-solaris-x86, r-release-osx-x86_64, r-release-windows-ix86+x86_64, r-oldrel-osx-x86_64, r-oldrel-windows-ix86+x86_64