CRAN Package Check Results for Package bioPN

Last updated on 2019-08-19 20:46:10 CEST.

Flavor Version Tinstall Tcheck Ttotal Status Flags
r-devel-linux-x86_64-debian-clang 1.2.0 6.69 19.47 26.16 OK
r-devel-linux-x86_64-debian-gcc 1.2.0 4.68 16.03 20.71 OK
r-devel-linux-x86_64-fedora-clang 1.2.0 34.29 NOTE
r-devel-linux-x86_64-fedora-gcc 1.2.0 31.84 NOTE
r-devel-windows-ix86+x86_64 1.2.0 29.00 56.00 85.00 OK
r-patched-linux-x86_64 1.2.0 4.84 19.53 24.37 OK
r-patched-solaris-x86 1.2.0 53.40 OK
r-release-linux-x86_64 1.2.0 5.11 19.52 24.63 OK
r-release-windows-ix86+x86_64 1.2.0 21.00 49.00 70.00 OK
r-release-osx-x86_64 1.2.0 OK
r-oldrel-windows-ix86+x86_64 1.2.0 18.00 34.00 52.00 OK
r-oldrel-osx-x86_64 1.2.0 OK

Check Details

Version: 1.2.0
Check: compiled code
Result: NOTE
    File ‘bioPN/libs/bioPN.so’:
     Found no calls to: ‘R_registerRoutines’, ‘R_useDynamicSymbols’
    
    It is good practice to register native routines and to disable symbol
    search.
    
    See ‘Writing portable packages’ in the ‘Writing R Extensions’ manual.
Flavors: r-devel-linux-x86_64-fedora-clang, r-devel-linux-x86_64-fedora-gcc