CRAN Package Check Results for Package bioPN

Last updated on 2019-02-19 01:47:44 CET.

Flavor Version Tinstall Tcheck Ttotal Status Flags
r-devel-linux-x86_64-debian-clang 1.2.0 5.61 19.81 25.42 OK
r-devel-linux-x86_64-debian-gcc 1.2.0 4.33 15.98 20.31 OK
r-devel-linux-x86_64-fedora-clang 1.2.0 33.36 NOTE
r-devel-linux-x86_64-fedora-gcc 1.2.0 30.47 NOTE
r-devel-windows-ix86+x86_64 1.2.0 28.00 34.00 62.00 OK
r-patched-linux-x86_64 1.2.0 4.27 18.48 22.75 OK
r-patched-solaris-x86 1.2.0 49.70 OK
r-release-linux-x86_64 1.2.0 4.74 18.78 23.52 OK
r-release-windows-ix86+x86_64 1.2.0 18.00 34.00 52.00 OK
r-release-osx-x86_64 1.2.0 OK
r-oldrel-windows-ix86+x86_64 1.2.0 20.00 31.00 51.00 OK
r-oldrel-osx-x86_64 1.2.0 OK

Check Details

Version: 1.2.0
Check: compiled code
Result: NOTE
    File ‘bioPN/libs/bioPN.so’:
     Found no calls to: ‘R_registerRoutines’, ‘R_useDynamicSymbols’
    
    It is good practice to register native routines and to disable symbol
    search.
    
    See ‘Writing portable packages’ in the ‘Writing R Extensions’ manual.
Flavors: r-devel-linux-x86_64-fedora-clang, r-devel-linux-x86_64-fedora-gcc