CRAN Package Check Results for Package bioPN

Last updated on 2019-04-24 15:57:12 CEST.

Flavor Version Tinstall Tcheck Ttotal Status Flags
r-devel-linux-x86_64-debian-clang 1.2.0 6.12 19.77 25.89 OK
r-devel-linux-x86_64-debian-gcc 1.2.0 4.31 15.77 20.08 OK
r-devel-linux-x86_64-fedora-clang 1.2.0 31.76 NOTE
r-devel-linux-x86_64-fedora-gcc 1.2.0 29.88 NOTE
r-devel-windows-ix86+x86_64 1.2.0 31.00 35.00 66.00 OK
r-patched-linux-x86_64 1.2.0 5.08 19.20 24.28 OK
r-patched-solaris-x86 1.2.0 51.10 OK
r-release-linux-x86_64 1.2.0 4.63 19.10 23.73 OK
r-release-windows-ix86+x86_64 1.2.0 18.00 34.00 52.00 OK
r-release-osx-x86_64 1.2.0 OK
r-oldrel-windows-ix86+x86_64 1.2.0 20.00 31.00 51.00 OK
r-oldrel-osx-x86_64 1.2.0 OK

Check Details

Version: 1.2.0
Check: compiled code
Result: NOTE
    File ‘bioPN/libs/bioPN.so’:
     Found no calls to: ‘R_registerRoutines’, ‘R_useDynamicSymbols’
    
    It is good practice to register native routines and to disable symbol
    search.
    
    See ‘Writing portable packages’ in the ‘Writing R Extensions’ manual.
Flavors: r-devel-linux-x86_64-fedora-clang, r-devel-linux-x86_64-fedora-gcc