CRAN Package Check Results for Package bioPN

Last updated on 2022-08-12 16:50:46 CEST.

Flavor Version Tinstall Tcheck Ttotal Status Flags
r-devel-linux-x86_64-debian-clang 1.2.0 6.91 25.08 31.99 OK
r-devel-linux-x86_64-debian-gcc 1.2.0 6.57 19.22 25.79 OK
r-devel-linux-x86_64-fedora-clang 1.2.0 50.41 NOTE
r-devel-linux-x86_64-fedora-gcc 1.2.0 49.82 NOTE
r-devel-windows-x86_64 1.2.0 18.00 51.00 69.00 OK
r-patched-linux-x86_64 1.2.0 5.23 24.74 29.97 OK
r-release-linux-x86_64 1.2.0 5.68 24.26 29.94 OK
r-release-macos-arm64 1.2.0 18.00 OK
r-release-macos-x86_64 1.2.0 27.00 OK
r-release-windows-x86_64 1.2.0 17.00 47.00 64.00 OK
r-oldrel-macos-arm64 1.2.0 21.00 OK
r-oldrel-macos-x86_64 1.2.0 32.00 OK
r-oldrel-windows-ix86+x86_64 1.2.0 20.00 41.00 61.00 OK

Check Details

Version: 1.2.0
Check: compiled code
Result: NOTE
    File ‘bioPN/libs/bioPN.so’:
     Found no calls to: ‘R_registerRoutines’, ‘R_useDynamicSymbols’
    
    It is good practice to register native routines and to disable symbol
    search.
    
    See ‘Writing portable packages’ in the ‘Writing R Extensions’ manual.
Flavors: r-devel-linux-x86_64-fedora-clang, r-devel-linux-x86_64-fedora-gcc