CRAN Package Check Results for Package binovisualfields

Last updated on 2020-07-08 10:50:27 CEST.

Flavor Version Tinstall Tcheck Ttotal Status Flags
r-devel-linux-x86_64-debian-clang 0.1.1 2.55 25.18 27.73 OK
r-devel-linux-x86_64-debian-gcc 0.1.1 2.00 19.93 21.93 OK
r-devel-linux-x86_64-fedora-clang 0.1.1 41.98 NOTE
r-devel-linux-x86_64-fedora-gcc 0.1.1 33.33 NOTE
r-devel-windows-ix86+x86_64 0.1.1 6.00 39.00 45.00 OK
r-patched-linux-x86_64 0.1.1 2.65 25.58 28.23 OK
r-patched-solaris-x86 0.1.1 50.10 NOTE
r-release-linux-x86_64 0.1.1 2.18 25.13 27.31 OK
r-release-osx-x86_64 0.1.1 NOTE
r-release-windows-ix86+x86_64 0.1.1 6.00 40.00 46.00 OK
r-oldrel-osx-x86_64 0.1.1 NOTE
r-oldrel-windows-ix86+x86_64 0.1.1 32.00 51.00 83.00 OK

Check Details

Version: 0.1.1
Check: dependencies in R code
Result: NOTE
    Namespace in Imports field not imported from: ‘gtools’
     All declared Imports should be used.
Flavors: r-devel-linux-x86_64-fedora-clang, r-devel-linux-x86_64-fedora-gcc, r-patched-solaris-x86, r-release-osx-x86_64, r-oldrel-osx-x86_64