CRAN Package Check Results for Package binneR

Last updated on 2019-04-24 15:57:12 CEST.

Flavor Version Tinstall Tcheck Ttotal Status Flags
r-devel-linux-x86_64-debian-clang 2.0.11 10.24 90.72 100.96 NOTE
r-devel-linux-x86_64-debian-gcc 2.0.11 8.69 69.37 78.06 NOTE
r-devel-linux-x86_64-fedora-clang 2.0.11 2.12 ERROR
r-devel-linux-x86_64-fedora-gcc 2.0.11 111.03 NOTE
r-devel-windows-ix86+x86_64 2.0.11 26.00 121.00 147.00 NOTE
r-patched-linux-x86_64 2.0.11 10.34 86.56 96.90 NOTE
r-release-linux-x86_64 2.0.11 6.92 86.85 93.77 NOTE
r-release-windows-ix86+x86_64 2.0.11 13.00 179.00 192.00 NOTE
r-release-osx-x86_64 2.0.11 ERROR
r-oldrel-windows-ix86+x86_64 2.0.11 16.00 132.00 148.00 NOTE
r-oldrel-osx-x86_64 2.0.11 NOTE

Check Details

Version: 2.0.11
Check: package dependencies
Result: NOTE
    Package suggested but not available for checking: 'metaboData'
Flavors: r-devel-linux-x86_64-debian-clang, r-devel-linux-x86_64-debian-gcc, r-devel-linux-x86_64-fedora-gcc, r-devel-windows-ix86+x86_64, r-patched-linux-x86_64, r-release-linux-x86_64, r-release-windows-ix86+x86_64, r-oldrel-windows-ix86+x86_64, r-oldrel-osx-x86_64

Version: 2.0.11
Check: package dependencies
Result: ERROR
    Package required but not available: ‘mzR’
    
    Package suggested but not available for checking: ‘metaboData’
    
    See section ‘The DESCRIPTION file’ in the ‘Writing R Extensions’
    manual.
Flavors: r-devel-linux-x86_64-fedora-clang, r-release-osx-x86_64