CRAN Package Check Results for Package binman

Last updated on 2022-05-23 16:53:52 CEST.

Flavor Version Tinstall Tcheck Ttotal Status Flags
r-devel-linux-x86_64-debian-clang 0.1.2 3.09 44.45 47.54 NOTE
r-devel-linux-x86_64-debian-gcc 0.1.2 2.67 34.59 37.26 NOTE
r-devel-linux-x86_64-fedora-clang 0.1.2 57.92 NOTE
r-devel-linux-x86_64-fedora-gcc 0.1.2 56.34 NOTE
r-devel-windows-x86_64 0.1.2 17.00 73.00 90.00 NOTE
r-patched-linux-x86_64 0.1.2 3.11 43.44 46.55 NOTE
r-release-linux-x86_64 0.1.2 NOTE
r-release-macos-arm64 0.1.2 22.00 NOTE
r-release-macos-x86_64 0.1.2 30.00 NOTE
r-release-windows-x86_64 0.1.2 19.00 78.00 97.00 NOTE
r-oldrel-macos-arm64 0.1.2 27.00 NOTE
r-oldrel-macos-x86_64 0.1.2 37.00 NOTE
r-oldrel-windows-ix86+x86_64 0.1.2 8.00 58.00 66.00 NOTE

Check Details

Version: 0.1.2
Check: LazyData
Result: NOTE
     'LazyData' is specified without a 'data' directory
Flavors: r-devel-linux-x86_64-debian-clang, r-devel-linux-x86_64-debian-gcc, r-devel-linux-x86_64-fedora-clang, r-devel-linux-x86_64-fedora-gcc, r-devel-windows-x86_64, r-patched-linux-x86_64, r-release-linux-x86_64, r-release-macos-arm64, r-release-macos-x86_64, r-release-windows-x86_64, r-oldrel-macos-arm64, r-oldrel-macos-x86_64, r-oldrel-windows-ix86+x86_64