Last updated on 2023-02-07 07:53:54 CET.
Flavor | Version | Tinstall | Tcheck | Ttotal | Status | Flags |
---|---|---|---|---|---|---|
r-devel-linux-x86_64-debian-clang | 1.5.12 | 235.90 | 248.66 | 484.56 | NOTE | |
r-devel-linux-x86_64-debian-gcc | 1.5.12 | 180.45 | 179.16 | 359.61 | NOTE | |
r-devel-linux-x86_64-fedora-clang | 1.5.12 | 649.92 | NOTE | |||
r-devel-linux-x86_64-fedora-gcc | 1.5.12 | 576.64 | NOTE | |||
r-devel-windows-x86_64 | 1.5.12 | 290.00 | 333.00 | 623.00 | NOTE | |
r-patched-linux-x86_64 | 1.5.12 | 176.73 | 229.13 | 405.86 | OK | |
r-release-linux-x86_64 | 1.5.12 | 190.63 | 229.76 | 420.39 | OK | |
r-release-macos-arm64 | 1.5.12 | 165.00 | NOTE | |||
r-release-macos-x86_64 | 1.5.12 | 202.00 | NOTE | |||
r-release-windows-x86_64 | 1.5.12 | 243.00 | 326.00 | 569.00 | OK | |
r-oldrel-macos-arm64 | 1.5.12 | 150.00 | NOTE | |||
r-oldrel-macos-x86_64 | 1.5.12 | 200.00 | NOTE | |||
r-oldrel-windows-ix86+x86_64 | 1.5.12 | 612.00 | 561.00 | 1173.00 | NOTE |
Version: 1.5.12
Check: C++ specification
Result: NOTE
Specified C++11: please update to current default of C++17
Flavors: r-devel-linux-x86_64-debian-clang, r-devel-linux-x86_64-debian-gcc, r-devel-linux-x86_64-fedora-clang, r-devel-linux-x86_64-fedora-gcc, r-devel-windows-x86_64
Version: 1.5.12
Check: dependencies in R code
Result: NOTE
Namespace in Imports field not imported from: ‘rmio’
All declared Imports should be used.
Flavors: r-devel-linux-x86_64-fedora-clang, r-devel-linux-x86_64-fedora-gcc, r-release-macos-arm64, r-release-macos-x86_64, r-oldrel-macos-arm64, r-oldrel-macos-x86_64
Version: 1.5.12
Check: installed package size
Result: NOTE
installed size is 12.0Mb
sub-directories of 1Mb or more:
extdata 2.3Mb
libs 9.0Mb
Flavors: r-release-macos-arm64, r-release-macos-x86_64, r-oldrel-macos-arm64, r-oldrel-macos-x86_64, r-oldrel-windows-ix86+x86_64