CRAN Package Check Results for Package bigstatsr

Last updated on 2024-02-22 11:50:30 CET.

Flavor Version Tinstall Tcheck Ttotal Status Flags
r-devel-linux-x86_64-debian-clang 1.5.12 NOTE
r-devel-linux-x86_64-debian-gcc 1.5.12 174.30 180.56 354.86 NOTE
r-devel-linux-x86_64-fedora-clang 1.5.12 646.98 NOTE
r-devel-linux-x86_64-fedora-gcc 1.5.12 639.19 NOTE
r-devel-windows-x86_64 1.5.12 213.00 234.00 447.00 NOTE
r-patched-linux-x86_64 1.5.12 209.26 233.48 442.74 NOTE
r-release-linux-x86_64 1.5.12 199.72 230.48 430.20 NOTE
r-release-macos-arm64 1.5.12 162.00 NOTE
r-release-macos-x86_64 1.5.12 319.00 NOTE
r-release-windows-x86_64 1.5.12 268.00 303.00 571.00 NOTE
r-oldrel-macos-arm64 1.5.12 165.00 NOTE
r-oldrel-windows-x86_64 1.5.12 264.00 280.00 544.00 OK

Check Details

Version: 1.5.12
Check: C++ specification
Result: NOTE Specified C++11: please drop specification unless essential Flavors: r-devel-linux-x86_64-debian-clang, r-devel-linux-x86_64-debian-gcc, r-devel-linux-x86_64-fedora-clang, r-devel-linux-x86_64-fedora-gcc, r-devel-windows-x86_64, r-patched-linux-x86_64, r-release-linux-x86_64, r-release-macos-arm64, r-release-macos-x86_64, r-release-windows-x86_64

Version: 1.5.12
Check: Rd files
Result: NOTE checkRd: (-1) FBM-class.Rd:97: Lost braces; missing escapes or markup? 97 | to be used by package {bigmemory}. | ^ checkRd: (-1) FBM-class.Rd:99: Lost braces; missing escapes or markup? 99 | to be used by package {bigmemory}. | ^ checkRd: (-1) big_read.Rd:57: Lost braces; missing escapes or markup? 57 | Read a file as a Filebacked Big Matrix by using package {bigreadr}. | ^ Flavors: r-devel-linux-x86_64-debian-clang, r-devel-linux-x86_64-debian-gcc

Version: 1.5.12
Check: dependencies in R code
Result: NOTE Namespace in Imports field not imported from: ‘rmio’ All declared Imports should be used. Flavors: r-devel-linux-x86_64-fedora-clang, r-devel-linux-x86_64-fedora-gcc, r-oldrel-macos-arm64

Version: 1.5.12
Check: installed package size
Result: NOTE installed size is 12.0Mb sub-directories of 1Mb or more: extdata 2.3Mb libs 9.0Mb Flavors: r-release-macos-arm64, r-release-macos-x86_64, r-oldrel-macos-arm64