Last updated on 2022-05-22 08:54:27 CEST.
Flavor | Version | Tinstall | Tcheck | Ttotal | Status | Flags |
---|---|---|---|---|---|---|
r-devel-linux-x86_64-debian-clang | 1.5.6 | 243.28 | 263.24 | 506.52 | OK | |
r-devel-linux-x86_64-debian-gcc | 1.5.6 | 187.33 | 207.72 | 395.05 | OK | |
r-devel-linux-x86_64-fedora-clang | 1.5.6 | 658.98 | NOTE | |||
r-devel-linux-x86_64-fedora-gcc | 1.5.6 | 601.60 | OK | |||
r-devel-windows-x86_64 | 1.5.6 | 269.00 | 321.00 | 590.00 | OK | |
r-patched-linux-x86_64 | 1.5.6 | 199.69 | 241.43 | 441.12 | OK | |
r-release-linux-x86_64 | 1.5.6 | 204.68 | 240.61 | 445.29 | OK | |
r-release-macos-arm64 | 1.5.6 | 149.00 | NOTE | |||
r-release-macos-x86_64 | 1.5.6 | 288.00 | NOTE | |||
r-release-windows-x86_64 | 1.5.6 | 260.00 | 321.00 | 581.00 | OK | |
r-oldrel-macos-arm64 | 1.5.6 | 128.00 | NOTE | |||
r-oldrel-macos-x86_64 | 1.5.6 | 196.00 | NOTE | |||
r-oldrel-windows-ix86+x86_64 | 1.5.6 | 629.00 | 524.00 | 1153.00 | NOTE |
Version: 1.5.6
Check: installed package size
Result: NOTE
installed size is 10.2Mb
sub-directories of 1Mb or more:
extdata 2.3Mb
libs 7.2Mb
Flavors: r-devel-linux-x86_64-fedora-clang, r-release-macos-arm64, r-release-macos-x86_64, r-oldrel-macos-arm64, r-oldrel-macos-x86_64, r-oldrel-windows-ix86+x86_64