CRAN Package Check Results for Package bigsnpr

Last updated on 2022-11-28 20:50:42 CET.

Flavor Version Tinstall Tcheck Ttotal Status Flags
r-devel-linux-x86_64-debian-clang 1.11.6 273.97 295.10 569.07 OK
r-devel-linux-x86_64-debian-gcc 1.11.6 200.78 217.94 418.72 OK
r-devel-linux-x86_64-fedora-clang 1.11.6 833.49 OK
r-devel-linux-x86_64-fedora-gcc 1.11.6 725.56 OK
r-devel-windows-x86_64 1.11.6 234.00 361.00 595.00 OK
r-patched-linux-x86_64 1.11.6 170.38 266.10 436.48 OK
r-release-linux-x86_64 1.11.6 175.33 270.89 446.22 OK
r-release-macos-arm64 1.11.6 200.00 NOTE
r-release-macos-x86_64 1.11.6 222.00 NOTE
r-release-windows-x86_64 1.11.6 272.00 366.00 638.00 OK
r-oldrel-macos-arm64 1.11.6 198.00 NOTE
r-oldrel-macos-x86_64 1.11.6 235.00 NOTE
r-oldrel-windows-ix86+x86_64 1.11.6 220.00 18.00 238.00 ERROR

Check Details

Version: 1.11.6
Check: installed package size
Result: NOTE
     installed size is 9.1Mb
     sub-directories of 1Mb or more:
     libs 7.7Mb
Flavors: r-release-macos-arm64, r-release-macos-x86_64, r-oldrel-macos-arm64, r-oldrel-macos-x86_64

Version: 1.11.6
Check: whether package can be installed
Result: ERROR
    Installation failed.
Flavor: r-oldrel-windows-ix86+x86_64