CRAN Package Check Results for Package bigrquery

Last updated on 2019-04-19 19:46:36 CEST.

Flavor Version Tinstall Tcheck Ttotal Status Flags
r-devel-linux-x86_64-debian-clang 1.1.0 23.72 44.41 68.13 OK
r-devel-linux-x86_64-debian-gcc 1.1.0 18.38 34.42 52.80 OK
r-devel-linux-x86_64-fedora-clang 1.1.0 88.31 OK
r-devel-linux-x86_64-fedora-gcc 1.1.0 81.26 OK
r-devel-windows-ix86+x86_64 1.1.0 59.00 112.00 171.00 OK
r-patched-linux-x86_64 1.1.0 24.07 43.38 67.45 OK
r-patched-solaris-x86 1.1.0 10.50 ERROR
r-release-linux-x86_64 1.1.0 21.76 41.43 63.19 OK
r-release-windows-ix86+x86_64 1.1.0 44.00 115.00 159.00 OK
r-release-osx-x86_64 1.1.0 OK
r-oldrel-windows-ix86+x86_64 1.1.0 43.00 112.00 155.00 OK
r-oldrel-osx-x86_64 1.1.0 OK

Check Details

Version: 1.1.0
Check: whether package can be installed
Result: ERROR
    Installation failed.
Flavor: r-patched-solaris-x86