CRAN Package Check Results for Package bigrquery

Last updated on 2019-06-24 17:47:44 CEST.

Flavor Version Tinstall Tcheck Ttotal Status Flags
r-devel-linux-x86_64-debian-clang 1.1.1 22.61 44.42 67.03 OK
r-devel-linux-x86_64-debian-gcc 1.1.1 19.60 34.93 54.53 OK
r-devel-linux-x86_64-fedora-clang 1.1.1 88.66 OK
r-devel-linux-x86_64-fedora-gcc 1.1.1 81.78 OK
r-devel-windows-ix86+x86_64 1.1.1 71.00 86.00 157.00 OK
r-patched-linux-x86_64 1.1.1 24.15 43.57 67.72 OK
r-patched-solaris-x86 1.1.1 10.00 ERROR
r-release-linux-x86_64 1.1.1 19.50 43.81 63.31 OK
r-release-windows-ix86+x86_64 1.1.1 47.00 120.00 167.00 OK
r-release-osx-x86_64 1.1.1 OK
r-oldrel-windows-ix86+x86_64 1.1.1 43.00 76.00 119.00 OK
r-oldrel-osx-x86_64 1.1.1 OK

Check Details

Version: 1.1.1
Check: whether package can be installed
Result: ERROR
    Installation failed.
Flavor: r-patched-solaris-x86