CRAN Package Check Results for Package bigrquery

Last updated on 2021-07-24 06:48:03 CEST.

Flavor Version Tinstall Tcheck Ttotal Status Flags
r-devel-linux-x86_64-debian-clang 1.3.2 34.76 73.39 108.15 NOTE
r-devel-linux-x86_64-debian-gcc 1.3.2 21.17 53.30 74.47 NOTE
r-devel-linux-x86_64-fedora-clang 1.3.2 126.78 NOTE
r-devel-linux-x86_64-fedora-gcc 1.3.2 115.38 NOTE
r-devel-windows-x86_64 1.3.2 32.00 81.00 113.00 NOTE
r-devel-windows-x86_64-gcc10-UCRT 1.3.2 NOTE
r-patched-linux-x86_64 1.3.2 28.76 67.99 96.75 NOTE
r-patched-solaris-x86 1.3.2 149.40 NOTE
r-release-linux-x86_64 1.3.2 25.61 67.39 93.00 NOTE
r-release-macos-arm64 1.3.2 NOTE
r-release-macos-x86_64 1.3.2 NOTE
r-release-windows-ix86+x86_64 1.3.2 77.00 138.00 215.00 NOTE
r-oldrel-macos-x86_64 1.3.2 OK
r-oldrel-windows-ix86+x86_64 1.3.2 79.00 131.00 210.00 OK

Check Details

Version: 1.3.2
Check: LazyData
Result: NOTE
     'LazyData' is specified without a 'data' directory
Flavors: r-devel-linux-x86_64-debian-clang, r-devel-linux-x86_64-debian-gcc, r-devel-linux-x86_64-fedora-clang, r-devel-linux-x86_64-fedora-gcc, r-devel-windows-x86_64, r-devel-windows-x86_64-gcc10-UCRT, r-patched-linux-x86_64, r-patched-solaris-x86, r-release-linux-x86_64, r-release-macos-arm64, r-release-macos-x86_64, r-release-windows-ix86+x86_64