Last updated on 2025-01-14 05:49:52 CET.
Flavor | Version | Tinstall | Tcheck | Ttotal | Status | Flags |
---|---|---|---|---|---|---|
r-devel-linux-x86_64-debian-clang | 0.3.2 | 71.53 | 49.40 | 120.93 | OK | |
r-devel-linux-x86_64-debian-gcc | 0.3.2 | 60.66 | 36.41 | 97.07 | OK | |
r-devel-linux-x86_64-fedora-clang | 0.3.2 | 211.53 | OK | |||
r-devel-linux-x86_64-fedora-gcc | 0.3.2 | 283.79 | OK | |||
r-devel-windows-x86_64 | 0.3.2 | 82.00 | 85.00 | 167.00 | OK | |
r-patched-linux-x86_64 | 0.3.2 | 85.44 | 46.70 | 132.14 | OK | |
r-release-linux-x86_64 | 0.3.2 | 83.28 | 46.36 | 129.64 | OK | |
r-release-macos-arm64 | 0.3.2 | 60.00 | NOTE | |||
r-release-macos-x86_64 | 0.3.2 | 83.00 | NOTE | |||
r-release-windows-x86_64 | 0.3.2 | 79.00 | 90.00 | 169.00 | OK | |
r-oldrel-macos-arm64 | 0.3.2 | 83.00 | NOTE | |||
r-oldrel-macos-x86_64 | 0.3.2 | 145.00 | NOTE | |||
r-oldrel-windows-x86_64 | 0.3.2 | 96.00 | 106.00 | 202.00 | OK |
Version: 0.3.2
Check: installed package size
Result: NOTE
installed size is 9.0Mb
sub-directories of 1Mb or more:
libs 8.7Mb
Flavors: r-release-macos-arm64, r-release-macos-x86_64, r-oldrel-macos-arm64, r-oldrel-macos-x86_64