Last updated on 2023-10-03 01:04:46 CEST.
Flavor | Version | Tinstall | Tcheck | Ttotal | Status | Flags |
---|---|---|---|---|---|---|
r-devel-linux-x86_64-debian-clang | 0.6.4 | 5.37 | 54.52 | 59.89 | NOTE | |
r-devel-linux-x86_64-debian-gcc | 0.6.4 | 4.21 | 41.67 | 45.88 | NOTE | |
r-devel-linux-x86_64-fedora-clang | 0.6.4 | 73.51 | NOTE | |||
r-devel-linux-x86_64-fedora-gcc | 0.6.4 | 73.36 | NOTE | |||
r-devel-windows-x86_64 | 0.6.4 | 5.00 | 62.00 | 67.00 | NOTE | |
r-patched-linux-x86_64 | 0.6.4 | 5.78 | 54.06 | 59.84 | NOTE | |
r-release-linux-x86_64 | 0.6.4 | 5.37 | 52.90 | 58.27 | NOTE | |
r-release-macos-arm64 | 0.6.4 | 30.00 | NOTE | |||
r-release-macos-x86_64 | 0.6.4 | 40.00 | NOTE | |||
r-release-windows-x86_64 | 0.6.4 | 7.00 | 70.00 | 77.00 | NOTE | |
r-oldrel-macos-arm64 | 0.6.4 | 27.00 | NOTE | |||
r-oldrel-macos-x86_64 | 0.6.4 | 38.00 | NOTE | |||
r-oldrel-windows-x86_64 | 0.6.4 | 7.00 | 71.00 | 78.00 | NOTE |
Version: 0.6.4
Check: package dependencies
Result: NOTE
Package suggested but not available for checking: ‘rrelaxiv’
Flavors: r-devel-linux-x86_64-debian-clang, r-devel-linux-x86_64-debian-gcc, r-devel-linux-x86_64-fedora-clang, r-devel-linux-x86_64-fedora-gcc, r-devel-windows-x86_64, r-patched-linux-x86_64, r-release-linux-x86_64, r-release-macos-arm64, r-release-macos-x86_64, r-release-windows-x86_64, r-oldrel-macos-arm64, r-oldrel-macos-x86_64, r-oldrel-windows-x86_64