CRAN Package Check Results for Package bigmatch

Last updated on 2022-12-02 06:51:09 CET.

Flavor Version Tinstall Tcheck Ttotal Status Flags
r-devel-linux-x86_64-debian-clang 0.6.4 5.60 55.46 61.06 NOTE
r-devel-linux-x86_64-debian-gcc 0.6.4 3.27 42.38 45.65 NOTE
r-devel-linux-x86_64-fedora-clang 0.6.4 88.67 NOTE
r-devel-linux-x86_64-fedora-gcc 0.6.4 83.59 NOTE
r-devel-windows-x86_64 0.6.4 11.00 83.00 94.00 NOTE
r-patched-linux-x86_64 0.6.4 4.59 53.34 57.93 NOTE
r-release-linux-x86_64 0.6.4 4.88 53.87 58.75 NOTE
r-release-macos-arm64 0.6.4 27.00 NOTE
r-release-macos-x86_64 0.6.4 38.00 NOTE
r-release-windows-x86_64 0.6.4 16.00 87.00 103.00 NOTE
r-oldrel-macos-arm64 0.6.4 30.00 NOTE
r-oldrel-macos-x86_64 0.6.4 39.00 NOTE
r-oldrel-windows-ix86+x86_64 0.6.4 10.00 79.00 89.00 NOTE

Check Details

Version: 0.6.4
Check: package dependencies
Result: NOTE
    Package suggested but not available for checking: 'rrelaxiv'
Flavors: r-devel-linux-x86_64-debian-clang, r-devel-linux-x86_64-debian-gcc, r-devel-linux-x86_64-fedora-clang, r-devel-linux-x86_64-fedora-gcc, r-devel-windows-x86_64, r-patched-linux-x86_64, r-release-linux-x86_64, r-release-macos-arm64, r-release-macos-x86_64, r-release-windows-x86_64, r-oldrel-macos-arm64, r-oldrel-macos-x86_64, r-oldrel-windows-ix86+x86_64