CRAN Package Check Results for Package biglars

Last updated on 2019-02-20 00:55:00 CET.

Flavor Version Tinstall Tcheck Ttotal Status Flags
r-devel-linux-x86_64-debian-clang 1.0.2 2.98 22.28 25.26 OK
r-devel-linux-x86_64-debian-gcc 1.0.2 2.30 18.04 20.34 OK
r-devel-linux-x86_64-fedora-clang 1.0.2 31.38 NOTE
r-devel-linux-x86_64-fedora-gcc 1.0.2 29.74 NOTE
r-devel-windows-ix86+x86_64 1.0.2 13.00 43.00 56.00 OK
r-patched-linux-x86_64 1.0.2 OK
r-patched-solaris-x86 1.0.2 45.30 OK
r-release-linux-x86_64 1.0.2 2.27 20.96 23.23 OK
r-release-windows-ix86+x86_64 1.0.2 7.00 52.00 59.00 OK
r-release-osx-x86_64 1.0.2 OK
r-oldrel-windows-ix86+x86_64 1.0.2 7.00 50.00 57.00 OK
r-oldrel-osx-x86_64 1.0.2 OK

Check Details

Version: 1.0.2
Check: compiled code
Result: NOTE
    File ‘biglars/libs/biglars.so’:
     Found no calls to: ‘R_registerRoutines’, ‘R_useDynamicSymbols’
    
    It is good practice to register native routines and to disable symbol
    search.
    
    See ‘Writing portable packages’ in the ‘Writing R Extensions’ manual.
Flavors: r-devel-linux-x86_64-fedora-clang, r-devel-linux-x86_64-fedora-gcc