CRAN Package Check Results for Package biglars

Last updated on 2019-04-25 21:51:35 CEST.

Flavor Version Tinstall Tcheck Ttotal Status Flags
r-devel-linux-x86_64-debian-clang 1.0.2 3.15 22.76 25.91 OK
r-devel-linux-x86_64-debian-gcc 1.0.2 2.23 17.94 20.17 OK
r-devel-linux-x86_64-fedora-clang 1.0.2 30.65 NOTE
r-devel-linux-x86_64-fedora-gcc 1.0.2 29.35 NOTE
r-devel-windows-ix86+x86_64 1.0.2 14.00 65.00 79.00 OK
r-patched-linux-x86_64 1.0.2 3.13 22.90 26.03 OK
r-patched-solaris-x86 1.0.2 48.50 OK
r-release-linux-x86_64 1.0.2 2.51 21.63 24.14 OK
r-release-windows-ix86+x86_64 1.0.2 7.00 61.00 68.00 OK
r-release-osx-x86_64 1.0.2 OK
r-oldrel-windows-ix86+x86_64 1.0.2 7.00 67.00 74.00 OK
r-oldrel-osx-x86_64 1.0.2 OK

Check Details

Version: 1.0.2
Check: compiled code
Result: NOTE
    File ‘biglars/libs/biglars.so’:
     Found no calls to: ‘R_registerRoutines’, ‘R_useDynamicSymbols’
    
    It is good practice to register native routines and to disable symbol
    search.
    
    See ‘Writing portable packages’ in the ‘Writing R Extensions’ manual.
Flavors: r-devel-linux-x86_64-fedora-clang, r-devel-linux-x86_64-fedora-gcc