CRAN Package Check Results for Package biglars

Last updated on 2019-08-24 08:49:46 CEST.

Flavor Version Tinstall Tcheck Ttotal Status Flags
r-devel-linux-x86_64-debian-clang 1.0.2 3.27 22.72 25.99 OK
r-devel-linux-x86_64-debian-gcc 1.0.2 2.60 18.08 20.68 OK
r-devel-linux-x86_64-fedora-clang 1.0.2 32.83 NOTE
r-devel-linux-x86_64-fedora-gcc 1.0.2 31.00 NOTE
r-devel-windows-ix86+x86_64 1.0.2 11.00 45.00 56.00 OK
r-patched-linux-x86_64 1.0.2 3.13 22.58 25.71 OK
r-patched-solaris-x86 1.0.2 49.50 OK
r-release-linux-x86_64 1.0.2 3.44 22.51 25.95 OK
r-release-windows-ix86+x86_64 1.0.2 19.00 66.00 85.00 OK
r-release-osx-x86_64 1.0.2 OK
r-oldrel-windows-ix86+x86_64 1.0.2 13.00 55.00 68.00 OK
r-oldrel-osx-x86_64 1.0.2 OK

Check Details

Version: 1.0.2
Check: compiled code
Result: NOTE
    File ‘biglars/libs/biglars.so’:
     Found no calls to: ‘R_registerRoutines’, ‘R_useDynamicSymbols’
    
    It is good practice to register native routines and to disable symbol
    search.
    
    See ‘Writing portable packages’ in the ‘Writing R Extensions’ manual.
Flavors: r-devel-linux-x86_64-fedora-clang, r-devel-linux-x86_64-fedora-gcc