CRAN Package Check Results for Package bigReg

Last updated on 2019-08-24 08:49:46 CEST.

Flavor Version Tinstall Tcheck Ttotal Status Flags
r-devel-linux-x86_64-debian-clang 0.1.2 43.14 34.76 77.90 NOTE
r-devel-linux-x86_64-debian-gcc 0.1.2 36.97 27.54 64.51 NOTE
r-devel-linux-x86_64-fedora-clang 0.1.2 109.19 NOTE
r-devel-linux-x86_64-fedora-gcc 0.1.2 107.90 NOTE
r-patched-linux-x86_64 0.1.2 37.08 35.08 72.16 OK
r-patched-solaris-x86 0.1.2 112.40 OK
r-release-linux-x86_64 0.1.2 38.88 34.56 73.44 OK
r-release-osx-x86_64 0.1.2 OK
r-oldrel-osx-x86_64 0.1.2 OK

Check Details

Version: 0.1.2
Check: for non-standard things in the check directory
Result: NOTE
    Found the following files/directories:
     'outputs'
Flavors: r-devel-linux-x86_64-debian-clang, r-devel-linux-x86_64-debian-gcc, r-devel-linux-x86_64-fedora-clang, r-devel-linux-x86_64-fedora-gcc

Version: 0.1.2
Check: compiled code
Result: NOTE
    File ‘bigReg/libs/bigReg.so’:
     Found no calls to: ‘R_registerRoutines’, ‘R_useDynamicSymbols’
    
    It is good practice to register native routines and to disable symbol
    search.
    
    See ‘Writing portable packages’ in the ‘Writing R Extensions’ manual.
Flavors: r-devel-linux-x86_64-fedora-clang, r-devel-linux-x86_64-fedora-gcc