CRAN Package Check Results for Package bigReg

Last updated on 2019-02-23 15:52:38 CET.

Flavor Version Tinstall Tcheck Ttotal Status Flags
r-devel-linux-x86_64-debian-clang 0.1.2 36.96 34.98 71.94 OK
r-devel-linux-x86_64-debian-gcc 0.1.2 33.13 27.67 60.80 OK
r-devel-linux-x86_64-fedora-clang 0.1.2 109.33 NOTE
r-devel-linux-x86_64-fedora-gcc 0.1.2 101.32 NOTE
r-patched-linux-x86_64 0.1.2 39.02 32.84 71.86 OK
r-patched-solaris-x86 0.1.2 102.40 OK
r-release-linux-x86_64 0.1.2 43.30 33.20 76.50 OK
r-release-osx-x86_64 0.1.2 OK
r-oldrel-osx-x86_64 0.1.2 OK

Check Details

Version: 0.1.2
Check: compiled code
Result: NOTE
    File ‘bigReg/libs/bigReg.so’:
     Found no calls to: ‘R_registerRoutines’, ‘R_useDynamicSymbols’
    
    It is good practice to register native routines and to disable symbol
    search.
    
    See ‘Writing portable packages’ in the ‘Writing R Extensions’ manual.
Flavors: r-devel-linux-x86_64-fedora-clang, r-devel-linux-x86_64-fedora-gcc