CRAN Package Check Results for Package bigMap

Last updated on 2024-07-21 23:49:22 CEST.

Flavor Version Tinstall Tcheck Ttotal Status Flags
r-devel-linux-x86_64-debian-clang 2.3.1 56.75 112.19 168.94 NOTE
r-devel-linux-x86_64-debian-gcc 2.3.1 36.49 78.39 114.88 NOTE
r-devel-linux-x86_64-fedora-clang 2.3.1 257.12 NOTE
r-devel-linux-x86_64-fedora-gcc 2.3.1 279.97 NOTE
r-devel-windows-x86_64 2.3.1 52.00 121.00 173.00 NOTE
r-patched-linux-x86_64 2.3.1 66.30 107.65 173.95 NOTE
r-release-linux-x86_64 2.3.1 49.66 108.81 158.47 NOTE
r-release-macos-arm64 2.3.1 58.00 NOTE
r-release-macos-x86_64 2.3.1 83.00 NOTE
r-release-windows-x86_64 2.3.1 62.00 131.00 193.00 NOTE
r-oldrel-macos-arm64 2.3.1 64.00 NOTE
r-oldrel-macos-x86_64 2.3.1 108.00 NOTE
r-oldrel-windows-x86_64 2.3.1 75.00 149.00 224.00 NOTE

Check Details

Version: 2.3.1
Check: C++ specification
Result: NOTE Specified C++14: please drop specification unless essential Flavors: r-devel-linux-x86_64-debian-clang, r-devel-linux-x86_64-debian-gcc, r-devel-linux-x86_64-fedora-clang, r-devel-linux-x86_64-fedora-gcc, r-devel-windows-x86_64, r-patched-linux-x86_64, r-release-linux-x86_64, r-release-macos-arm64, r-release-macos-x86_64, r-release-windows-x86_64, r-oldrel-macos-arm64, r-oldrel-macos-x86_64, r-oldrel-windows-x86_64

Version: 2.3.1
Check: Rd files
Result: NOTE checkRd: (-1) bdm.ptsne.Rd:47: Lost braces; missing escapes or markup? 47 | By default the algorithm is structured in \eqn{\sqrt{n}} epochs of \eqn{\sqrt{z}} iterations each, where \var{n} is the dataset size and \var{z} is the thread-size (\eqn{z=n*layers/threads}). The running time of the algorithm is then determined by \eqn{epochs*iters*t_i+ epochs*t_e} where \var{t_{i}} is the running time of a single iteration and \var{t_{e}} is the inter-epoch running time. | ^ checkRd: (-1) bdm.ptsne.Rd:47: Lost braces; missing escapes or markup? 47 | By default the algorithm is structured in \eqn{\sqrt{n}} epochs of \eqn{\sqrt{z}} iterations each, where \var{n} is the dataset size and \var{z} is the thread-size (\eqn{z=n*layers/threads}). The running time of the algorithm is then determined by \eqn{epochs*iters*t_i+ epochs*t_e} where \var{t_{i}} is the running time of a single iteration and \var{t_{e}} is the inter-epoch running time. | ^ Flavors: r-devel-linux-x86_64-debian-clang, r-devel-linux-x86_64-debian-gcc, r-devel-linux-x86_64-fedora-clang, r-devel-linux-x86_64-fedora-gcc, r-devel-windows-x86_64, r-patched-linux-x86_64, r-release-linux-x86_64, r-release-macos-arm64, r-release-macos-x86_64, r-release-windows-x86_64

Version: 2.3.1
Check: for GNU extensions in Makefiles
Result: NOTE GNU make is a SystemRequirements. Flavors: r-devel-linux-x86_64-debian-clang, r-devel-linux-x86_64-debian-gcc, r-devel-linux-x86_64-fedora-clang, r-devel-linux-x86_64-fedora-gcc, r-devel-windows-x86_64, r-patched-linux-x86_64, r-release-linux-x86_64, r-release-macos-arm64, r-release-macos-x86_64, r-release-windows-x86_64, r-oldrel-macos-arm64, r-oldrel-macos-x86_64, r-oldrel-windows-x86_64

Version: 2.3.1
Check: installed package size
Result: NOTE installed size is 6.2Mb sub-directories of 1Mb or more: doc 1.8Mb extdata 1.9Mb libs 2.3Mb Flavors: r-release-macos-arm64, r-release-macos-x86_64, r-oldrel-macos-arm64, r-oldrel-macos-x86_64