Last updated on 2023-06-06 20:09:39 CEST.
Flavor | Version | Tinstall | Tcheck | Ttotal | Status | Flags |
---|---|---|---|---|---|---|
r-devel-linux-x86_64-debian-clang | 0.0.8 | 5.56 | 39.00 | 44.56 | OK | |
r-devel-linux-x86_64-debian-gcc | 0.0.8 | 3.63 | 29.76 | 33.39 | OK | |
r-devel-linux-x86_64-fedora-clang | 0.0.8 | 54.38 | NOTE | |||
r-devel-linux-x86_64-fedora-gcc | 0.0.8 | 51.40 | NOTE | |||
r-devel-windows-x86_64 | 0.0.8 | 8.00 | 51.00 | 59.00 | OK | |
r-patched-linux-x86_64 | 0.0.8 | 10.98 | 36.78 | 47.76 | OK | |
r-release-linux-x86_64 | 0.0.8 | 4.93 | 37.07 | 42.00 | OK | |
r-release-macos-arm64 | 0.0.8 | 27.00 | OK | |||
r-release-macos-x86_64 | 0.0.8 | 36.00 | OK | |||
r-release-windows-x86_64 | 0.0.8 | 9.00 | 56.00 | 65.00 | OK | |
r-oldrel-macos-arm64 | 0.0.8 | 22.00 | OK | |||
r-oldrel-macos-x86_64 | 0.0.8 | 31.00 | OK | |||
r-oldrel-windows-x86_64 | 0.0.8 | 8.00 | 59.00 | 67.00 | OK |
Version: 0.0.8
Check: data for non-ASCII characters
Result: NOTE
Note: found 1904 marked UTF-8 strings
Flavors: r-devel-linux-x86_64-fedora-clang, r-devel-linux-x86_64-fedora-gcc