Last updated on 2022-05-19 05:51:48 CEST.
Flavor | Version | Tinstall | Tcheck | Ttotal | Status | Flags |
---|---|---|---|---|---|---|
r-devel-linux-x86_64-debian-clang | 0.0.6 | 3.74 | 45.03 | 48.77 | OK | |
r-devel-linux-x86_64-debian-gcc | 0.0.6 | 2.87 | 34.04 | 36.91 | OK | |
r-devel-linux-x86_64-fedora-clang | 0.0.6 | 56.09 | NOTE | |||
r-devel-linux-x86_64-fedora-gcc | 0.0.6 | 54.99 | NOTE | |||
r-devel-windows-x86_64 | 0.0.6 | 20.00 | 61.00 | 81.00 | OK | |
r-patched-linux-x86_64 | 0.0.6 | 4.48 | 42.38 | 46.86 | OK | |
r-release-linux-x86_64 | 0.0.6 | 2.69 | 41.23 | 43.92 | OK | |
r-release-macos-arm64 | 0.0.6 | 20.00 | NOTE | |||
r-release-macos-x86_64 | 0.0.6 | 27.00 | NOTE | |||
r-release-windows-x86_64 | 0.0.6 | 17.00 | 67.00 | 84.00 | OK | |
r-oldrel-macos-arm64 | 0.0.6 | 16.00 | NOTE | |||
r-oldrel-macos-x86_64 | 0.0.6 | 29.00 | NOTE | |||
r-oldrel-windows-ix86+x86_64 | 0.0.6 | 8.00 | 57.00 | 65.00 | OK |
Version: 0.0.6
Check: data for non-ASCII characters
Result: NOTE
Note: found 1904 marked UTF-8 strings
Flavors: r-devel-linux-x86_64-fedora-clang, r-devel-linux-x86_64-fedora-gcc, r-release-macos-arm64, r-release-macos-x86_64, r-oldrel-macos-arm64, r-oldrel-macos-x86_64