Last updated on 2023-06-07 14:00:31 CEST.
Flavor | Version | Tinstall | Tcheck | Ttotal | Status | Flags |
---|---|---|---|---|---|---|
r-devel-linux-x86_64-debian-clang | 1.1.1 | 6.02 | 56.60 | 62.62 | NOTE | |
r-devel-linux-x86_64-debian-gcc | 1.1.1 | 4.69 | 42.62 | 47.31 | NOTE | |
r-devel-linux-x86_64-fedora-clang | 1.1.1 | 77.08 | NOTE | |||
r-devel-linux-x86_64-fedora-gcc | 1.1.1 | 82.75 | NOTE | |||
r-devel-windows-x86_64 | 1.1.1 | 6.00 | 60.00 | 66.00 | NOTE | |
r-patched-linux-x86_64 | 1.1.1 | 5.62 | 52.46 | 58.08 | NOTE | |
r-release-linux-x86_64 | 1.1.1 | 4.11 | 52.01 | 56.12 | NOTE | |
r-release-macos-arm64 | 1.1.1 | 40.00 | NOTE | |||
r-release-macos-x86_64 | 1.1.1 | 56.00 | NOTE | |||
r-release-windows-x86_64 | 1.1.1 | 8.00 | 69.00 | 77.00 | NOTE | |
r-oldrel-macos-arm64 | 1.1.1 | 34.00 | NOTE | |||
r-oldrel-macos-x86_64 | 1.1.1 | 69.00 | NOTE | |||
r-oldrel-windows-x86_64 | 1.1.1 | 8.00 | 72.00 | 80.00 | NOTE |
Version: 1.1.1
Check: LazyData
Result: NOTE
'LazyData' is specified without a 'data' directory
Flavors: r-devel-linux-x86_64-debian-clang, r-devel-linux-x86_64-debian-gcc, r-devel-linux-x86_64-fedora-clang, r-devel-linux-x86_64-fedora-gcc, r-devel-windows-x86_64, r-patched-linux-x86_64, r-release-linux-x86_64, r-release-macos-arm64, r-release-macos-x86_64, r-release-windows-x86_64, r-oldrel-macos-arm64, r-oldrel-macos-x86_64, r-oldrel-windows-x86_64