CRAN Package Check Results for Package biasbetareg

Last updated on 2019-04-20 10:47:29 CEST.

Flavor Version Tinstall Tcheck Ttotal Status Flags
r-devel-linux-x86_64-debian-clang 1.0 4.40 33.09 37.49 NOTE
r-devel-linux-x86_64-debian-gcc 1.0 4.34 28.80 33.14 NOTE
r-devel-linux-x86_64-fedora-clang 1.0 42.87 NOTE
r-devel-linux-x86_64-fedora-gcc 1.0 41.84 NOTE
r-devel-windows-ix86+x86_64 1.0 12.00 46.00 58.00 NOTE
r-patched-linux-x86_64 1.0 4.12 32.74 36.86 NOTE
r-patched-solaris-x86 1.0 72.50 NOTE
r-release-linux-x86_64 1.0 2.58 31.03 33.61 NOTE
r-release-windows-ix86+x86_64 1.0 5.00 65.00 70.00 NOTE
r-release-osx-x86_64 1.0 NOTE
r-oldrel-windows-ix86+x86_64 1.0 5.00 63.00 68.00 NOTE
r-oldrel-osx-x86_64 1.0 NOTE

Check Details

Version: 1.0
Check: dependencies in R code
Result: NOTE
    Package in Depends field not imported from: 'betareg'
     These packages need to be imported from (in the NAMESPACE file)
     for when this namespace is loaded but not attached.
Flavors: r-devel-linux-x86_64-debian-clang, r-devel-linux-x86_64-debian-gcc, r-devel-linux-x86_64-fedora-clang, r-devel-linux-x86_64-fedora-gcc, r-devel-windows-ix86+x86_64, r-patched-linux-x86_64, r-patched-solaris-x86, r-release-linux-x86_64, r-release-windows-ix86+x86_64, r-release-osx-x86_64, r-oldrel-windows-ix86+x86_64, r-oldrel-osx-x86_64

Version: 1.0
Check: R code for possible problems
Result: NOTE
    bias: no visible global function definition for 'predict'
    bias: no visible global function definition for 'pnorm'
    bias: no visible global function definition for 'model.matrix'
    Undefined global functions or variables:
     model.matrix pnorm predict
    Consider adding
     importFrom("stats", "model.matrix", "pnorm", "predict")
    to your NAMESPACE file.
Flavors: r-devel-linux-x86_64-debian-clang, r-devel-linux-x86_64-debian-gcc, r-devel-linux-x86_64-fedora-clang, r-devel-linux-x86_64-fedora-gcc, r-devel-windows-ix86+x86_64, r-patched-linux-x86_64, r-patched-solaris-x86, r-release-linux-x86_64, r-release-windows-ix86+x86_64, r-release-osx-x86_64, r-oldrel-windows-ix86+x86_64, r-oldrel-osx-x86_64