CRAN Package Check Results for Package biasbetareg

Last updated on 2019-06-24 15:48:03 CEST.

Flavor Version Tinstall Tcheck Ttotal Status Flags
r-devel-linux-x86_64-debian-clang 1.0 4.46 32.05 36.51 NOTE
r-devel-linux-x86_64-debian-gcc 1.0 3.81 26.08 29.89 NOTE
r-devel-linux-x86_64-fedora-clang 1.0 43.10 NOTE
r-devel-linux-x86_64-fedora-gcc 1.0 42.27 NOTE
r-devel-windows-ix86+x86_64 1.0 13.00 46.00 59.00 NOTE
r-patched-linux-x86_64 1.0 4.44 32.28 36.72 NOTE
r-patched-solaris-x86 1.0 71.20 NOTE
r-release-linux-x86_64 1.0 4.38 32.46 36.84 NOTE
r-release-windows-ix86+x86_64 1.0 9.00 72.00 81.00 NOTE
r-release-osx-x86_64 1.0 NOTE
r-oldrel-windows-ix86+x86_64 1.0 5.00 42.00 47.00 NOTE
r-oldrel-osx-x86_64 1.0 NOTE

Check Details

Version: 1.0
Check: dependencies in R code
Result: NOTE
    Package in Depends field not imported from: 'betareg'
     These packages need to be imported from (in the NAMESPACE file)
     for when this namespace is loaded but not attached.
Flavors: r-devel-linux-x86_64-debian-clang, r-devel-linux-x86_64-debian-gcc, r-devel-linux-x86_64-fedora-clang, r-devel-linux-x86_64-fedora-gcc, r-devel-windows-ix86+x86_64, r-patched-linux-x86_64, r-patched-solaris-x86, r-release-linux-x86_64, r-release-windows-ix86+x86_64, r-release-osx-x86_64, r-oldrel-windows-ix86+x86_64, r-oldrel-osx-x86_64

Version: 1.0
Check: R code for possible problems
Result: NOTE
    bias: no visible global function definition for 'predict'
    bias: no visible global function definition for 'pnorm'
    bias: no visible global function definition for 'model.matrix'
    Undefined global functions or variables:
     model.matrix pnorm predict
    Consider adding
     importFrom("stats", "model.matrix", "pnorm", "predict")
    to your NAMESPACE file.
Flavors: r-devel-linux-x86_64-debian-clang, r-devel-linux-x86_64-debian-gcc, r-devel-linux-x86_64-fedora-clang, r-devel-linux-x86_64-fedora-gcc, r-devel-windows-ix86+x86_64, r-patched-linux-x86_64, r-patched-solaris-x86, r-release-linux-x86_64, r-release-windows-ix86+x86_64, r-release-osx-x86_64, r-oldrel-windows-ix86+x86_64, r-oldrel-osx-x86_64