CRAN Package Check Results for Package beyondWhittle

Last updated on 2020-04-04 16:48:26 CEST.

Flavor Version Tinstall Tcheck Ttotal Status Flags
r-devel-linux-x86_64-debian-clang 1.1.1 158.67 43.49 202.16 OK
r-devel-linux-x86_64-debian-gcc 1.1.1 97.40 34.05 131.45 OK
r-devel-linux-x86_64-fedora-clang 1.1.1 286.26 NOTE
r-devel-linux-x86_64-fedora-gcc 1.1.1 258.33 OK
r-devel-windows-ix86+x86_64 1.1.1 269.00 70.00 339.00 OK
r-devel-windows-ix86+x86_64-gcc8 1.1.1 318.00 84.00 402.00 OK
r-patched-linux-x86_64 1.1.1 131.12 43.25 174.37 OK
r-patched-solaris-x86 1.1.1 244.10 OK
r-release-linux-x86_64 1.1.1 122.68 39.28 161.96 OK
r-release-windows-ix86+x86_64 1.1.1 289.00 115.00 404.00 OK
r-release-osx-x86_64 1.1.1 OK
r-oldrel-windows-ix86+x86_64 1.1.1 291.00 76.00 367.00 OK
r-oldrel-osx-x86_64 1.1.1 OK

Check Details

Version: 1.1.1
Check: installed package size
Result: NOTE
     installed size is 5.6Mb
     sub-directories of 1Mb or more:
     libs 5.2Mb
Flavor: r-devel-linux-x86_64-fedora-clang