Last updated on 2022-08-19 19:49:20 CEST.
Flavor | Version | Tinstall | Tcheck | Ttotal | Status | Flags |
---|---|---|---|---|---|---|
r-devel-linux-x86_64-debian-clang | 3.3 | 4.82 | 31.53 | 36.35 | OK | |
r-devel-linux-x86_64-debian-gcc | 3.3 | 3.39 | 25.21 | 28.60 | OK | |
r-devel-linux-x86_64-fedora-clang | 3.3 | 56.31 | NOTE | |||
r-devel-linux-x86_64-fedora-gcc | 3.3 | 54.21 | NOTE | |||
r-devel-windows-x86_64 | 3.3 | 21.00 | 62.00 | 83.00 | OK | |
r-patched-linux-x86_64 | 3.3 | 4.35 | 30.83 | 35.18 | OK | |
r-release-linux-x86_64 | 3.3 | OK | ||||
r-release-macos-arm64 | 3.3 | 19.00 | OK | |||
r-release-macos-x86_64 | 3.3 | 27.00 | OK | |||
r-release-windows-x86_64 | 3.3 | 26.00 | 70.00 | 96.00 | OK | |
r-oldrel-macos-arm64 | 3.3 | 21.00 | OK | |||
r-oldrel-macos-x86_64 | 3.3 | 33.00 | OK | |||
r-oldrel-windows-ix86+x86_64 | 3.3 | 11.00 | 65.00 | 76.00 | OK |
Version: 3.3
Check: compiled code
Result: NOTE
File ‘betategarch/libs/betategarch.so’:
Found no calls to: ‘R_registerRoutines’, ‘R_useDynamicSymbols’
It is good practice to register native routines and to disable symbol
search.
See ‘Writing portable packages’ in the ‘Writing R Extensions’ manual.
Flavors: r-devel-linux-x86_64-fedora-clang, r-devel-linux-x86_64-fedora-gcc