CRAN Package Check Results for Package betas

Last updated on 2019-04-24 15:57:12 CEST.

Flavor Version Tinstall Tcheck Ttotal Status Flags
r-devel-linux-x86_64-debian-clang 0.1.1 2.56 28.06 30.62 NOTE
r-devel-linux-x86_64-debian-gcc 0.1.1 1.81 22.54 24.35 NOTE
r-devel-linux-x86_64-fedora-clang 0.1.1 36.28 NOTE
r-devel-linux-x86_64-fedora-gcc 0.1.1 35.14 NOTE
r-devel-windows-ix86+x86_64 0.1.1 10.00 42.00 52.00 NOTE
r-patched-linux-x86_64 0.1.1 2.75 27.86 30.61 NOTE
r-patched-solaris-x86 0.1.1 63.20 NOTE
r-release-linux-x86_64 0.1.1 1.87 26.39 28.26 NOTE
r-release-windows-ix86+x86_64 0.1.1 4.00 60.00 64.00 NOTE
r-release-osx-x86_64 0.1.1 NOTE
r-oldrel-windows-ix86+x86_64 0.1.1 4.00 69.00 73.00 NOTE
r-oldrel-osx-x86_64 0.1.1 NOTE

Check Details

Version: 0.1.1
Check: R code for possible problems
Result: NOTE
    betas.lm: no visible binding for global variable 'sd'
    betas.lm: no visible global function definition for 'sd'
    my.wtd.var: no visible global function definition for 'var'
    Undefined global functions or variables:
     sd var
    Consider adding
     importFrom("stats", "sd", "var")
    to your NAMESPACE file.
Flavors: r-devel-linux-x86_64-debian-clang, r-devel-linux-x86_64-debian-gcc, r-devel-linux-x86_64-fedora-clang, r-devel-linux-x86_64-fedora-gcc, r-devel-windows-ix86+x86_64, r-patched-linux-x86_64, r-patched-solaris-x86, r-release-linux-x86_64, r-release-windows-ix86+x86_64, r-release-osx-x86_64, r-oldrel-windows-ix86+x86_64, r-oldrel-osx-x86_64