CRAN Package Check Results for Package betas

Last updated on 2019-08-19 20:46:10 CEST.

Flavor Version Tinstall Tcheck Ttotal Status Flags
r-devel-linux-x86_64-debian-clang 0.1.1 3.08 27.67 30.75 NOTE
r-devel-linux-x86_64-debian-gcc 0.1.1 2.37 22.45 24.82 NOTE
r-devel-linux-x86_64-fedora-clang 0.1.1 37.93 NOTE
r-devel-linux-x86_64-fedora-gcc 0.1.1 37.93 NOTE
r-devel-windows-ix86+x86_64 0.1.1 10.00 63.00 73.00 NOTE
r-patched-linux-x86_64 0.1.1 2.72 27.18 29.90 NOTE
r-patched-solaris-x86 0.1.1 64.30 NOTE
r-release-linux-x86_64 0.1.1 2.62 27.20 29.82 NOTE
r-release-windows-ix86+x86_64 0.1.1 7.00 40.00 47.00 NOTE
r-release-osx-x86_64 0.1.1 NOTE
r-oldrel-windows-ix86+x86_64 0.1.1 5.00 59.00 64.00 NOTE
r-oldrel-osx-x86_64 0.1.1 NOTE

Check Details

Version: 0.1.1
Check: R code for possible problems
Result: NOTE
    betas.lm: no visible binding for global variable 'sd'
    betas.lm: no visible global function definition for 'sd'
    my.wtd.var: no visible global function definition for 'var'
    Undefined global functions or variables:
     sd var
    Consider adding
     importFrom("stats", "sd", "var")
    to your NAMESPACE file.
Flavors: r-devel-linux-x86_64-debian-clang, r-devel-linux-x86_64-debian-gcc, r-devel-linux-x86_64-fedora-clang, r-devel-linux-x86_64-fedora-gcc, r-devel-windows-ix86+x86_64, r-patched-linux-x86_64, r-patched-solaris-x86, r-release-linux-x86_64, r-release-windows-ix86+x86_64, r-release-osx-x86_64, r-oldrel-windows-ix86+x86_64, r-oldrel-osx-x86_64