CRAN Package Check Results for Package betas

Last updated on 2019-02-19 09:48:43 CET.

Flavor Version Tinstall Tcheck Ttotal Status Flags
r-devel-linux-x86_64-debian-clang 0.1.1 1.85 28.26 30.11 NOTE
r-devel-linux-x86_64-debian-gcc 0.1.1 1.77 22.85 24.62 NOTE
r-devel-linux-x86_64-fedora-clang 0.1.1 38.40 NOTE
r-devel-linux-x86_64-fedora-gcc 0.1.1 35.75 NOTE
r-devel-windows-ix86+x86_64 0.1.1 7.00 40.00 47.00 NOTE
r-patched-linux-x86_64 0.1.1 1.63 25.97 27.60 NOTE
r-patched-solaris-x86 0.1.1 59.30 NOTE
r-release-linux-x86_64 0.1.1 1.76 26.04 27.80 NOTE
r-release-windows-ix86+x86_64 0.1.1 3.00 54.00 57.00 NOTE
r-release-osx-x86_64 0.1.1 NOTE
r-oldrel-windows-ix86+x86_64 0.1.1 7.00 60.00 67.00 NOTE
r-oldrel-osx-x86_64 0.1.1 NOTE

Check Details

Version: 0.1.1
Check: R code for possible problems
Result: NOTE
    betas.lm: no visible binding for global variable ‘sd’
    betas.lm: no visible global function definition for ‘sd’
    my.wtd.var: no visible global function definition for ‘var’
    Undefined global functions or variables:
     sd var
    Consider adding
     importFrom("stats", "sd", "var")
    to your NAMESPACE file.
Flavors: r-devel-linux-x86_64-debian-clang, r-devel-linux-x86_64-debian-gcc, r-devel-linux-x86_64-fedora-clang, r-devel-linux-x86_64-fedora-gcc, r-devel-windows-ix86+x86_64, r-patched-linux-x86_64, r-patched-solaris-x86, r-release-linux-x86_64, r-release-windows-ix86+x86_64, r-release-osx-x86_64, r-oldrel-windows-ix86+x86_64, r-oldrel-osx-x86_64