CRAN Package Check Results for Package betalink

Last updated on 2022-10-02 09:53:24 CEST.

Flavor Version Tinstall Tcheck Ttotal Status Flags
r-devel-linux-x86_64-debian-clang 2.2.1 2.99 25.53 28.52 NOTE
r-devel-linux-x86_64-debian-gcc 2.2.1 2.19 20.28 22.47 NOTE
r-devel-linux-x86_64-fedora-clang 2.2.1 49.25 NOTE
r-devel-linux-x86_64-fedora-gcc 2.2.1 48.77 NOTE
r-devel-windows-x86_64 2.2.1 18.00 58.00 76.00 NOTE
r-patched-linux-x86_64 2.2.1 3.07 24.18 27.25 NOTE
r-release-linux-x86_64 2.2.1 2.14 25.10 27.24 NOTE
r-release-macos-arm64 2.2.1 17.00 NOTE
r-release-macos-x86_64 2.2.1 24.00 NOTE
r-release-windows-x86_64 2.2.1 36.00 51.00 87.00 NOTE
r-oldrel-macos-arm64 2.2.1 25.00 NOTE
r-oldrel-macos-x86_64 2.2.1 28.00 NOTE
r-oldrel-windows-ix86+x86_64 2.2.1 6.00 49.00 55.00 NOTE

Check Details

Version: 2.2.1
Check: DESCRIPTION meta-information
Result: NOTE
    Checking should be performed on sources prepared by 'R CMD build'.
Flavors: r-devel-linux-x86_64-debian-clang, r-devel-linux-x86_64-debian-gcc, r-devel-linux-x86_64-fedora-clang, r-devel-linux-x86_64-fedora-gcc, r-devel-windows-x86_64, r-patched-linux-x86_64, r-release-linux-x86_64, r-release-macos-arm64, r-release-macos-x86_64, r-release-windows-x86_64, r-oldrel-macos-arm64, r-oldrel-macos-x86_64, r-oldrel-windows-ix86+x86_64