CRAN Package Check Results for Package betafam

Last updated on 2019-04-25 21:51:35 CEST.

Flavor Version Tinstall Tcheck Ttotal Status Flags
r-devel-linux-x86_64-debian-clang 1.0 1.86 18.37 20.23 NOTE
r-devel-linux-x86_64-debian-gcc 1.0 1.55 14.81 16.36 NOTE
r-devel-linux-x86_64-fedora-clang 1.0 24.84 NOTE
r-devel-linux-x86_64-fedora-gcc 1.0 23.75 NOTE
r-devel-windows-ix86+x86_64 1.0 7.00 27.00 34.00 NOTE
r-patched-linux-x86_64 1.0 2.09 18.62 20.71 NOTE
r-patched-solaris-x86 1.0 41.20 NOTE
r-release-linux-x86_64 1.0 1.54 17.43 18.97 NOTE
r-release-windows-ix86+x86_64 1.0 2.00 26.00 28.00 NOTE
r-release-osx-x86_64 1.0 NOTE
r-oldrel-windows-ix86+x86_64 1.0 2.00 25.00 27.00 NOTE
r-oldrel-osx-x86_64 1.0 NOTE

Check Details

Version: 1.0
Check: top-level files
Result: NOTE
    Non-standard file/directory found at top level:
     'extdata'
Flavors: r-devel-linux-x86_64-debian-clang, r-devel-linux-x86_64-debian-gcc, r-devel-linux-x86_64-fedora-clang, r-devel-linux-x86_64-fedora-gcc, r-patched-linux-x86_64, r-release-linux-x86_64

Version: 1.0
Check: R code for possible problems
Result: NOTE
    betafam: no visible global function definition for 'pnorm'
    betafam: no visible global function definition for 'pchisq'
    betafam: no visible global function definition for 'lm'
    betafam: no visible global function definition for 'coefficients'
    betafam: no visible global function definition for 'glm.fit'
    betafam: no visible global function definition for 'gaussian'
    betafam: no visible global function definition for 'glmnet'
    Undefined global functions or variables:
     coefficients gaussian glm.fit glmnet lm pchisq pnorm
    Consider adding
     importFrom("stats", "coefficients", "gaussian", "glm.fit", "lm",
     "pchisq", "pnorm")
    to your NAMESPACE file.
Flavors: r-devel-linux-x86_64-debian-clang, r-devel-linux-x86_64-debian-gcc, r-devel-linux-x86_64-fedora-clang, r-devel-linux-x86_64-fedora-gcc, r-devel-windows-ix86+x86_64, r-patched-linux-x86_64, r-patched-solaris-x86, r-release-linux-x86_64, r-release-windows-ix86+x86_64, r-release-osx-x86_64, r-oldrel-windows-ix86+x86_64, r-oldrel-osx-x86_64

Version: 1.0
Check: Rd line widths
Result: NOTE
    Rd file 'betafam.Rd':
     \usage lines wider than 90 characters:
     betafam(ped,group.threshold=-1,fix.group.index=NULL, fix.weight=NULL,mute.SMM=TRUE,trait=c("binary","qtl"),LC.test=c("LC.true","LC","si ... [TRUNCATED]
    
    These lines will be truncated in the PDF manual.
Flavors: r-devel-linux-x86_64-debian-clang, r-devel-linux-x86_64-debian-gcc, r-devel-linux-x86_64-fedora-clang, r-devel-linux-x86_64-fedora-gcc, r-patched-linux-x86_64, r-release-linux-x86_64