CRAN Package Check Results for Package betacal

Last updated on 2022-08-12 16:50:46 CEST.

Flavor Version Tinstall Tcheck Ttotal Status Flags
r-devel-linux-x86_64-debian-clang 0.1.0 1.90 20.86 22.76 NOTE
r-devel-linux-x86_64-debian-gcc 0.1.0 1.49 16.07 17.56 NOTE
r-devel-linux-x86_64-fedora-clang 0.1.0 38.32 NOTE
r-devel-linux-x86_64-fedora-gcc 0.1.0 38.12 NOTE
r-devel-windows-x86_64 0.1.0 8.00 42.00 50.00 NOTE
r-patched-linux-x86_64 0.1.0 1.89 20.24 22.13 NOTE
r-release-linux-x86_64 0.1.0 1.56 20.19 21.75 NOTE
r-release-macos-arm64 0.1.0 14.00 NOTE
r-release-macos-x86_64 0.1.0 21.00 NOTE
r-release-windows-x86_64 0.1.0 5.00 41.00 46.00 NOTE
r-oldrel-macos-arm64 0.1.0 21.00 NOTE
r-oldrel-macos-x86_64 0.1.0 29.00 NOTE
r-oldrel-windows-ix86+x86_64 0.1.0 5.00 31.00 36.00 NOTE

Check Details

Version: 0.1.0
Check: LazyData
Result: NOTE
     'LazyData' is specified without a 'data' directory
Flavors: r-devel-linux-x86_64-debian-clang, r-devel-linux-x86_64-debian-gcc, r-devel-linux-x86_64-fedora-clang, r-devel-linux-x86_64-fedora-gcc, r-devel-windows-x86_64, r-patched-linux-x86_64, r-release-linux-x86_64, r-release-macos-arm64, r-release-macos-x86_64, r-release-windows-x86_64, r-oldrel-macos-arm64, r-oldrel-macos-x86_64, r-oldrel-windows-ix86+x86_64