Last updated on 2021-04-16 00:47:07 CEST.
Flavor | Version | Tinstall | Tcheck | Ttotal | Status | Flags |
---|---|---|---|---|---|---|
r-devel-linux-x86_64-debian-clang | 1.0.5 | 361.95 | 88.47 | 450.42 | OK | |
r-devel-linux-x86_64-debian-gcc | 1.0.5 | 349.57 | 89.10 | 438.67 | OK | |
r-devel-linux-x86_64-fedora-clang | 1.0.5 | 630.50 | NOTE | |||
r-devel-linux-x86_64-fedora-gcc | 1.0.5 | 734.83 | OK | |||
r-devel-windows-ix86+x86_64 | 1.0.5 | 958.00 | 204.00 | 1162.00 | NOTE | |
r-devel-windows-x86_64-gcc10-UCRT | 1.0.5 | OK | ||||
r-patched-linux-x86_64 | 1.0.5 | 399.21 | 106.96 | 506.17 | OK | |
r-patched-solaris-x86 | 1.0.5 | 753.80 | OK | |||
r-release-linux-x86_64 | 1.0.5 | 400.60 | 106.77 | 507.37 | OK | |
r-release-macos-x86_64 | 1.0.5 | NOTE | ||||
r-release-windows-ix86+x86_64 | 1.0.5 | 921.00 | 201.00 | 1122.00 | NOTE | |
r-oldrel-macos-x86_64 | 1.0.5 | NOTE | ||||
r-oldrel-windows-ix86+x86_64 | 1.0.5 | 906.00 | 148.00 | 1054.00 | NOTE |
Version: 1.0.5
Check: installed package size
Result: NOTE
installed size is 66.6Mb
sub-directories of 1Mb or more:
data 2.7Mb
libs 63.3Mb
Flavors: r-devel-linux-x86_64-fedora-clang, r-devel-windows-ix86+x86_64, r-release-macos-x86_64, r-release-windows-ix86+x86_64, r-oldrel-macos-x86_64, r-oldrel-windows-ix86+x86_64