CRAN Package Check Results for Package bennu

Last updated on 2023-12-11 11:53:26 CET.

Flavor Version Tinstall Tcheck Ttotal Status Flags
r-devel-linux-x86_64-debian-clang 0.3.0 160.78 222.00 382.78 NOTE
r-devel-linux-x86_64-debian-gcc 0.3.0 139.61 170.74 310.35 NOTE
r-devel-linux-x86_64-fedora-clang 0.3.0 485.92 NOTE
r-devel-linux-x86_64-fedora-gcc 0.3.0 577.58 NOTE
r-devel-windows-x86_64 0.3.0 133.00 205.00 338.00 NOTE
r-patched-linux-x86_64 0.3.0 130.62 224.67 355.29 NOTE
r-release-linux-x86_64 0.3.0 174.21 227.22 401.43 NOTE
r-release-macos-arm64 0.3.0 223.00 NOTE
r-release-macos-x86_64 0.3.0 344.00 NOTE
r-release-windows-x86_64 0.3.0 161.00 259.00 420.00 NOTE
r-oldrel-macos-arm64 0.3.0 161.00 NOTE
r-oldrel-macos-x86_64 0.3.0 241.00 NOTE
r-oldrel-windows-x86_64 0.3.0 155.00 255.00 410.00 NOTE

Check Details

Version: 0.3.0
Check: for GNU extensions in Makefiles
Result: NOTE GNU make is a SystemRequirements. Flavors: r-devel-linux-x86_64-debian-clang, r-devel-linux-x86_64-debian-gcc, r-devel-linux-x86_64-fedora-clang, r-devel-linux-x86_64-fedora-gcc, r-devel-windows-x86_64, r-patched-linux-x86_64, r-release-linux-x86_64, r-release-macos-arm64, r-release-macos-x86_64, r-release-windows-x86_64, r-oldrel-macos-arm64, r-oldrel-macos-x86_64, r-oldrel-windows-x86_64

Version: 0.3.0
Check: Rd cross-references
Result: NOTE Undeclared package ‘tibble’ in Rd xrefs Flavor: r-devel-linux-x86_64-fedora-clang

Version: 0.3.0
Check: installed package size
Result: NOTE installed size is 36.5Mb sub-directories of 1Mb or more: libs 35.9Mb Flavors: r-release-macos-arm64, r-release-macos-x86_64, r-oldrel-macos-arm64, r-oldrel-macos-x86_64