CRAN Package Check Results for Package bellreg

Last updated on 2020-10-27 17:52:37 CET.

Flavor Version Tinstall Tcheck Ttotal Status Flags
r-devel-linux-x86_64-debian-clang 0.0.1 238.80 102.30 341.10 NOTE
r-devel-linux-x86_64-debian-gcc 0.0.1 219.29 86.30 305.59 NOTE
r-devel-linux-x86_64-fedora-clang 0.0.1 489.93 NOTE
r-devel-linux-x86_64-fedora-gcc 0.0.1 552.22 NOTE
r-devel-windows-ix86+x86_64 0.0.1 542.00 246.00 788.00 NOTE
r-patched-linux-x86_64 0.0.1 ERROR
r-patched-solaris-x86 0.0.1 469.60 NOTE
r-release-linux-x86_64 0.0.1 0.47 2.42 2.89 ERROR
r-release-macos-x86_64 0.0.1 NOTE
r-release-windows-ix86+x86_64 0.0.1 368.00 187.00 555.00 NOTE
r-oldrel-macos-x86_64 0.0.1 NOTE
r-oldrel-windows-ix86+x86_64 0.0.1 516.00 211.00 727.00 NOTE

Check Details

Version: 0.0.1
Check: for GNU extensions in Makefiles
Result: NOTE
    GNU make is a SystemRequirements.
Flavors: r-devel-linux-x86_64-debian-clang, r-devel-linux-x86_64-debian-gcc, r-devel-linux-x86_64-fedora-clang, r-devel-linux-x86_64-fedora-gcc, r-devel-windows-ix86+x86_64, r-patched-solaris-x86, r-release-macos-x86_64, r-release-windows-ix86+x86_64, r-oldrel-macos-x86_64, r-oldrel-windows-ix86+x86_64

Version: 0.0.1
Check: installed package size
Result: NOTE
     installed size is 47.6Mb
     sub-directories of 1Mb or more:
     libs 47.3Mb
Flavors: r-devel-linux-x86_64-fedora-clang, r-devel-windows-ix86+x86_64, r-release-macos-x86_64, r-release-windows-ix86+x86_64, r-oldrel-macos-x86_64, r-oldrel-windows-ix86+x86_64

Version: 0.0.1
Check: dependencies in R code
Result: NOTE
    Namespace in Imports field not imported from: ‘rstantools’
     All declared Imports should be used.
Flavors: r-devel-linux-x86_64-fedora-clang, r-devel-linux-x86_64-fedora-gcc, r-patched-solaris-x86, r-release-macos-x86_64, r-oldrel-macos-x86_64

Version: 0.0.1
Check: package dependencies
Result: ERROR
    Package required but not available: ‘rstan’
    
    See section ‘The DESCRIPTION file’ in the ‘Writing R Extensions’
    manual.
Flavors: r-patched-linux-x86_64, r-release-linux-x86_64