CRAN Package Check Results for Package beautier

Last updated on 2021-12-08 15:50:38 CET.

Flavor Version Tinstall Tcheck Ttotal Status Flags
r-devel-linux-x86_64-debian-clang 2.6.2 12.56 153.82 166.38 OK
r-devel-linux-x86_64-debian-gcc 2.6.2 10.08 118.61 128.69 OK
r-devel-linux-x86_64-fedora-clang 2.6.2 209.87 OK
r-devel-linux-x86_64-fedora-gcc 2.6.2 195.98 OK
r-devel-windows-x86_64-new-UL 2.6.2 69.00 278.00 347.00 OK
r-devel-windows-x86_64-new-TK 2.6.2 OK
r-devel-windows-x86_64-old 2.6.2 24.00 150.00 174.00 ERROR
r-patched-linux-x86_64 2.6.2 19.82 155.74 175.56 OK
r-release-linux-x86_64 2.6.2 13.90 155.86 169.76 OK
r-release-macos-arm64 2.6.2 OK
r-release-macos-x86_64 2.6.2 OK
r-release-windows-ix86+x86_64 2.6.2 18.00 126.00 144.00 ERROR
r-oldrel-macos-x86_64 2.6.2 OK
r-oldrel-windows-ix86+x86_64 2.6.2 26.00 145.00 171.00 ERROR

Additional issues

donttest

Check Details

Version: 2.6.2
Check: examples
Result: ERROR
    Running examples in 'beautier-Ex.R' failed
    The error most likely occurred in:
    
    > ### Name: check_empty_beautier_folder
    > ### Title: Check there are no files in the default beautier folder
    > ### Aliases: check_empty_beautier_folder
    >
    > ### ** Examples
    >
    > check_empty_beautier_folder()
    Error in check_empty_beautier_folder() : Files found in beautier folder.
    beautier_folder: C:\Users\CRAN\AppData\Local/beautier/beautier/Cache
    length(list.files(beautier_folder))): 3
    head(list.files(beautier_folder)): C:\Users\CRAN\AppData\Local/beautier/beautier/Cache/file13670ff35c02,C:\Users\CRAN\AppData\Local/beautier/beautier/Cache/file178c45757dd,C:\Users\CRAN\AppData\Local/beautier/beautier/Cache/fileb9f87bd32678
    Execution halted
Flavors: r-devel-windows-x86_64-old, r-release-windows-ix86+x86_64, r-oldrel-windows-ix86+x86_64