CRAN Package Check Results for Package beam

Last updated on 2022-08-09 13:49:37 CEST.

Flavor Version Tinstall Tcheck Ttotal Status Flags
r-devel-linux-x86_64-debian-clang 2.0.2 57.86 95.98 153.84 OK
r-devel-linux-x86_64-debian-gcc 2.0.2 49.25 71.89 121.14 OK
r-devel-linux-x86_64-fedora-clang 2.0.2 205.14 OK
r-devel-linux-x86_64-fedora-gcc 2.0.2 200.81 OK
r-devel-windows-x86_64 2.0.2 55.00 136.00 191.00 OK
r-patched-linux-x86_64 2.0.2 46.33 90.44 136.77 OK
r-release-linux-x86_64 2.0.2 OK
r-release-macos-arm64 2.0.2 52.00 OK
r-release-macos-x86_64 2.0.2 76.00 NOTE
r-release-windows-x86_64 2.0.2 52.00 138.00 190.00 OK
r-oldrel-macos-arm64 2.0.2 60.00 NOTE
r-oldrel-macos-x86_64 2.0.2 103.00 NOTE
r-oldrel-windows-ix86+x86_64 2.0.2 139.00 163.00 302.00 OK

Check Details

Version: 2.0.2
Check: installed package size
Result: NOTE
     installed size is 5.1Mb
     sub-directories of 1Mb or more:
     libs 4.5Mb
Flavors: r-release-macos-x86_64, r-oldrel-macos-arm64, r-oldrel-macos-x86_64