CRAN Package Check Results for Package bcrm

Last updated on 2018-12-13 12:50:24 CET.

Flavor Version Tinstall Tcheck Ttotal Status Flags
r-devel-linux-x86_64-debian-clang 0.4.7 4.07 45.19 49.26 OK
r-devel-linux-x86_64-debian-gcc 0.4.7 2.82 36.49 39.31 OK
r-devel-linux-x86_64-fedora-clang 0.4.7 62.21 OK
r-devel-linux-x86_64-fedora-gcc 0.4.7 58.06 OK
r-devel-windows-ix86+x86_64 0.4.7 13.00 87.00 100.00 OK
r-patched-linux-x86_64 0.4.7 4.81 43.69 48.50 OK
r-patched-solaris-x86 0.4.7 82.40 NOTE
r-release-linux-x86_64 0.4.7 5.27 43.85 49.12 OK
r-release-windows-ix86+x86_64 0.4.7 12.00 83.00 95.00 OK
r-release-osx-x86_64 0.4.7 NOTE
r-oldrel-windows-ix86+x86_64 0.4.7 6.00 122.00 128.00 OK
r-oldrel-osx-x86_64 0.4.7 NOTE

Check Details

Version: 0.4.7
Check: package dependencies
Result: NOTE
    Package suggested but not available for checking: ‘BRugs’
Flavors: r-patched-solaris-x86, r-release-osx-x86_64, r-oldrel-osx-x86_64