CRAN Package Check Results for Package bcrm

Last updated on 2019-03-20 16:48:50 CET.

Flavor Version Tinstall Tcheck Ttotal Status Flags
r-devel-linux-x86_64-debian-clang 0.4.7 6.76 48.76 55.52 OK
r-devel-linux-x86_64-debian-gcc 0.4.7 5.24 36.84 42.08 OK
r-devel-linux-x86_64-fedora-clang 0.4.7 64.71 OK
r-devel-linux-x86_64-fedora-gcc 0.4.7 59.61 OK
r-devel-windows-ix86+x86_64 0.4.7 16.00 79.00 95.00 OK
r-patched-linux-x86_64 0.4.7 3.94 44.23 48.17 OK
r-patched-solaris-x86 0.4.7 81.90 NOTE
r-release-linux-x86_64 0.4.7 4.92 44.39 49.31 OK
r-release-windows-ix86+x86_64 0.4.7 8.00 90.00 98.00 OK
r-release-osx-x86_64 0.4.7 NOTE
r-oldrel-windows-ix86+x86_64 0.4.7 11.00 88.00 99.00 OK
r-oldrel-osx-x86_64 0.4.7 NOTE

Check Details

Version: 0.4.7
Check: package dependencies
Result: NOTE
    Package suggested but not available for checking: ‘BRugs’
Flavors: r-patched-solaris-x86, r-release-osx-x86_64, r-oldrel-osx-x86_64