CRAN Package Check Results for Package bcrm

Last updated on 2018-09-25 06:46:29 CEST.

Flavor Version Tinstall Tcheck Ttotal Status Flags
r-devel-linux-x86_64-debian-clang 0.4.7 3.97 46.50 50.47 OK
r-devel-linux-x86_64-debian-gcc 0.4.7 3.53 37.76 41.29 OK
r-devel-linux-x86_64-fedora-clang 0.4.7 62.43 OK
r-devel-linux-x86_64-fedora-gcc 0.4.7 59.83 OK
r-devel-windows-ix86+x86_64 0.4.7 13.00 77.00 90.00 OK
r-patched-linux-x86_64 0.4.7 3.90 32.32 36.22 OK
r-patched-solaris-x86 0.4.7 77.80 NOTE
r-release-linux-x86_64 0.4.7 4.34 42.15 46.49 OK
r-release-windows-ix86+x86_64 0.4.7 12.00 81.00 93.00 OK
r-release-osx-x86_64 0.4.7 NOTE
r-oldrel-windows-ix86+x86_64 0.4.7 5.00 84.00 89.00 OK
r-oldrel-osx-x86_64 0.4.7 NOTE

Check Details

Version: 0.4.7
Check: package dependencies
Result: NOTE
    Package suggested but not available for checking: ‘BRugs’
Flavors: r-patched-solaris-x86, r-release-osx-x86_64, r-oldrel-osx-x86_64