CRAN Package Check Results for Package bclust

Last updated on 2019-02-19 09:48:42 CET.

Flavor Version Tinstall Tcheck Ttotal Status Flags
r-devel-linux-x86_64-debian-clang 1.5 6.13 31.79 37.92 OK
r-devel-linux-x86_64-debian-gcc 1.5 4.43 25.47 29.90 OK
r-devel-linux-x86_64-fedora-clang 1.5 49.70 NOTE
r-devel-linux-x86_64-fedora-gcc 1.5 45.72 NOTE
r-devel-windows-ix86+x86_64 1.5 18.00 54.00 72.00 OK
r-patched-linux-x86_64 1.5 4.84 29.72 34.56 OK
r-patched-solaris-x86 1.5 62.50 OK
r-release-linux-x86_64 1.5 4.78 28.82 33.60 OK
r-release-windows-ix86+x86_64 1.5 14.00 53.00 67.00 OK
r-release-osx-x86_64 1.5 OK
r-oldrel-windows-ix86+x86_64 1.5 12.00 57.00 69.00 OK
r-oldrel-osx-x86_64 1.5 OK

Check Details

Version: 1.5
Check: compiled code
Result: NOTE
    File ‘bclust/libs/bclust.so’:
     Found no calls to: ‘R_registerRoutines’, ‘R_useDynamicSymbols’
    
    It is good practice to register native routines and to disable symbol
    search.
    
    See ‘Writing portable packages’ in the ‘Writing R Extensions’ manual.
Flavors: r-devel-linux-x86_64-fedora-clang, r-devel-linux-x86_64-fedora-gcc